CRAN Package Check Results for Package SAMBA

Last updated on 2020-04-25 01:53:16 CEST.

Flavor Version Tinstall Tcheck Ttotal Status Flags
r-devel-linux-x86_64-debian-clang 0.9.0 3.17 70.87 74.04 OK
r-devel-linux-x86_64-debian-gcc 0.9.0 2.28 58.32 60.60 OK
r-devel-linux-x86_64-fedora-clang 0.9.0 89.57 OK
r-devel-linux-x86_64-fedora-gcc 0.9.0 92.73 OK
r-devel-windows-ix86+x86_64 0.9.0 10.00 102.00 112.00 OK
r-patched-linux-x86_64 0.9.0 2.63 70.15 72.78 OK
r-patched-osx-x86_64 0.9.0 WARN
r-patched-solaris-x86 0.9.0 154.90 OK
r-release-linux-x86_64 0.9.0 2.24 68.17 70.41 OK
r-release-windows-ix86+x86_64 0.9.0 6.00 102.00 108.00 OK
r-release-osx-x86_64 0.9.0 OK
r-oldrel-windows-ix86+x86_64 0.9.0 3.00 104.00 107.00 OK
r-oldrel-osx-x86_64 0.9.0 OK

Check Details

Version: 0.9.0
Check: re-building of vignette outputs
Result: WARN
    Error(s) in re-building vignettes:
    --- re-building ‘UsingSAMBA.Rmd’ using rmarkdown
    Using average prevalence to calculate marginal c
    Using average prevalence to calculate marginal c
    Using average prevalence to calculate marginal c
    Using average prevalence to calculate marginal c
    Using average prevalence to calculate marginal c
    Using average prevalence to calculate marginal c
    Using average prevalence to calculate marginal c
    Using average prevalence to calculate marginal c
    dyld: lazy symbol binding failed: Symbol not found: ____chkstk_darwin
     Referenced from: /usr/local/bin/pandoc (which was built for Mac OS X 10.15)
     Expected in: /usr/lib/libSystem.B.dylib
    
    dyld: Symbol not found: ____chkstk_darwin
     Referenced from: /usr/local/bin/pandoc (which was built for Mac OS X 10.15)
     Expected in: /usr/lib/libSystem.B.dylib
    
    Error: processing vignette 'UsingSAMBA.Rmd' failed with diagnostics:
    pandoc document conversion failed with error 6
    --- failed re-building ‘UsingSAMBA.Rmd’
    
    SUMMARY: processing the following file failed:
     ‘UsingSAMBA.Rmd’
    
    Error: Vignette re-building failed.
    Execution halted
Flavor: r-patched-osx-x86_64