CRAN Package Check Results for Package Ryacas

Last updated on 2020-04-25 01:53:16 CEST.

Flavor Version Tinstall Tcheck Ttotal Status Flags
r-devel-linux-x86_64-debian-clang 1.1.3 112.09 99.39 211.48 OK
r-devel-linux-x86_64-debian-gcc 1.1.3 75.20 76.29 151.49 OK
r-devel-linux-x86_64-fedora-clang 1.1.3 289.40 NOTE
r-devel-linux-x86_64-fedora-gcc 1.1.3 263.98 OK
r-devel-windows-ix86+x86_64 1.1.3 292.00 172.00 464.00 NOTE
r-patched-linux-x86_64 1.1.3 87.48 99.66 187.14 OK
r-patched-osx-x86_64 1.1.3 NOTE
r-patched-solaris-x86 1.1.3 271.20 OK
r-release-linux-x86_64 1.1.3 85.83 91.45 177.28 OK
r-release-windows-ix86+x86_64 1.1.3 309.00 183.00 492.00 NOTE
r-release-osx-x86_64 1.1.3 NOTE
r-oldrel-windows-ix86+x86_64 1.1.3 236.00 176.00 412.00 NOTE
r-oldrel-osx-x86_64 1.1.2 NOTE

Check Details

Version: 1.1.3
Check: installed package size
Result: NOTE
     installed size is 11.6Mb
     sub-directories of 1Mb or more:
     libs 9.4Mb
     yacas 1.6Mb
Flavors: r-devel-linux-x86_64-fedora-clang, r-patched-osx-x86_64, r-release-osx-x86_64

Version: 1.1.3
Check: package dependencies
Result: NOTE
    Package suggested but not available for checking: 'unix'
Flavors: r-devel-windows-ix86+x86_64, r-release-windows-ix86+x86_64, r-oldrel-windows-ix86+x86_64

Version: 1.1.2
Check: installed package size
Result: NOTE
     installed size is 8.9Mb
     sub-directories of 1Mb or more:
     libs 7.0Mb
     yacas 1.3Mb
Flavor: r-oldrel-osx-x86_64