CRAN Package Check Results for Package Rxnat

Last updated on 2020-04-25 01:53:16 CEST.

Flavor Version Tinstall Tcheck Ttotal Status Flags
r-devel-linux-x86_64-debian-clang 1.0.8 2.83 33.87 36.70 OK
r-devel-linux-x86_64-debian-gcc 1.0.8 2.48 25.99 28.47 WARN
r-devel-linux-x86_64-fedora-clang 1.0.8 43.50 OK
r-devel-linux-x86_64-fedora-gcc 1.0.8 44.43 OK
r-devel-windows-ix86+x86_64 1.0.8 11.00 79.00 90.00 OK
r-patched-linux-x86_64 1.0.8 3.05 33.13 36.18 OK
r-patched-osx-x86_64 1.0.8 OK
r-patched-solaris-x86 1.0.8 67.70 OK
r-release-linux-x86_64 1.0.8 2.57 29.80 32.37 WARN
r-release-windows-ix86+x86_64 1.0.8 8.00 86.00 94.00 OK
r-release-osx-x86_64 1.0.8 OK
r-oldrel-windows-ix86+x86_64 1.0.8 3.00 73.00 76.00 OK
r-oldrel-osx-x86_64 1.0.6 OK

Check Details

Version: 1.0.8
Check: re-building of vignette outputs
Result: WARN
    Error(s) in re-building vignettes:
     ...
    --- re-building ‘rxnat.Rmd’ using rmarkdown
    Quitting from lines 98-100 (rxnat.Rmd)
    Error: processing vignette 'rxnat.Rmd' failed with diagnostics:
    argument is of length zero
    --- failed re-building ‘rxnat.Rmd’
    
    SUMMARY: processing the following file failed:
     ‘rxnat.Rmd’
    
    Error: Vignette re-building failed.
    Execution halted
Flavors: r-devel-linux-x86_64-debian-gcc, r-release-linux-x86_64