CRAN Package Check Results for Package RoughSets

Last updated on 2020-04-25 01:53:16 CEST.

Flavor Version Tinstall Tcheck Ttotal Status Flags
r-devel-linux-x86_64-debian-clang 1.3-7 36.29 64.98 101.27 OK
r-devel-linux-x86_64-debian-gcc 1.3-7 23.06 49.59 72.65 OK
r-devel-linux-x86_64-fedora-clang 1.3-7 126.68 OK
r-devel-linux-x86_64-fedora-gcc 1.3-7 116.64 OK
r-devel-windows-ix86+x86_64 1.3-7 81.00 104.00 185.00 OK
r-patched-linux-x86_64 1.3-7 28.41 62.76 91.17 OK
r-patched-osx-x86_64 1.3-7 OK
r-patched-solaris-x86 1.3-7 139.60 OK
r-release-linux-x86_64 1.3-7 27.03 57.84 84.87 NOTE
r-release-windows-ix86+x86_64 1.3-7 85.00 94.00 179.00 OK
r-release-osx-x86_64 1.3-7 OK
r-oldrel-windows-ix86+x86_64 1.3-7 53.00 113.00 166.00 OK
r-oldrel-osx-x86_64 1.3-7 OK

Check Details

Version: 1.3-7
Check: Rd line widths
Result: NOTE
    Rd file 'C.FRNN.FRST.Rd':
     \examples lines wider than 100 characters:
     type.relation = c("tolerance", "eq.1"), t.implicator = "lukasiewicz") ... [TRUNCATED]
    
    These lines will be truncated in the PDF manual.
Flavor: r-release-linux-x86_64