Last updated on 2020-04-25 01:53:16 CEST.
Flavor | Version | Tinstall | Tcheck | Ttotal | Status | Flags |
---|---|---|---|---|---|---|
r-devel-linux-x86_64-debian-clang | 1.0.2 | 14.34 | 77.32 | 91.66 | OK | |
r-devel-linux-x86_64-debian-gcc | 1.0.2 | 11.83 | 59.23 | 71.06 | OK | |
r-devel-linux-x86_64-fedora-clang | 1.0.2 | 113.37 | NOTE | |||
r-devel-linux-x86_64-fedora-gcc | 1.0.2 | 112.16 | NOTE | |||
r-devel-windows-ix86+x86_64 | 1.0.2 | 42.00 | 104.00 | 146.00 | OK | |
r-patched-linux-x86_64 | 1.0.2 | 14.42 | 76.71 | 91.13 | OK | |
r-patched-osx-x86_64 | 1.0.2 | NOTE | ||||
r-patched-solaris-x86 | 1.0.2 | 146.50 | ERROR | |||
r-release-linux-x86_64 | 1.0.2 | 12.28 | 70.12 | 82.40 | OK | |
r-release-windows-ix86+x86_64 | 1.0.2 | 43.00 | 113.00 | 156.00 | OK | |
r-release-osx-x86_64 | 1.0.2 | NOTE | ||||
r-oldrel-windows-ix86+x86_64 | 1.0.2 | 25.00 | 114.00 | 139.00 | OK | |
r-oldrel-osx-x86_64 | 1.0.2 | NOTE |
Version: 1.0.2
Check: dependencies in R code
Result: NOTE
Namespaces in Imports field not imported from:
‘DEoptimR’ ‘DT’ ‘PerformanceAnalytics’ ‘ggplot2’ ‘graphics’
‘gridExtra’ ‘methods’ ‘shinyjs’ ‘utils’ ‘xts’
All declared Imports should be used.
Flavors: r-devel-linux-x86_64-fedora-clang, r-devel-linux-x86_64-fedora-gcc, r-patched-osx-x86_64, r-patched-solaris-x86, r-release-osx-x86_64, r-oldrel-osx-x86_64
Version: 1.0.2
Check: examples
Result: ERROR
Running examples in ‘RobStatTM-Ex.R’ failed
The error most likely occurred in:
> ### Name: lmrobdet.control
> ### Title: Tuning parameters for lmrobdetMM and lmrobdetDCML
> ### Aliases: lmrobdet.control
>
> ### ** Examples
>
> data(coleman, package='robustbase')
> m2 <- lmrobdetMM(Y ~ ., data=coleman, control=lmrobdet.control(refine.PY=50))
*** caught segfault ***
address 0, cause 'memory not mapped'
Traceback:
1: pyinit::pyinit(x = X, y = y, intercept = FALSE, delta = dee, cc = 1.54764, psc_keep = control$psc_keep * (1 - (p/n)), resid_keep_method = control$resid_keep_method, resid_keep_thresh = control$resid_keep_thresh, resid_keep_prop = control$resid_keep_prop, maxit = control$py_maxit, eps = control$py_eps, mscale_maxit = control$mscale_maxit, mscale_tol = control$mscale_tol, mscale_rho_fun = "bisquare")
2: MMPY(X = x, y = y, control = control, mf = mf)
3: lmrobdetMM(Y ~ ., data = coleman, control = lmrobdet.control(refine.PY = 50))
An irrecoverable exception occurred. R is aborting now ...
Flavor: r-patched-solaris-x86