Last updated on 2020-04-25 01:53:15 CEST.
Flavor | Version | Tinstall | Tcheck | Ttotal | Status | Flags |
---|---|---|---|---|---|---|
r-devel-linux-x86_64-debian-clang | 0.6-9 | 6.65 | 31.90 | 38.55 | OK | |
r-devel-linux-x86_64-debian-gcc | 0.6-9 | 5.44 | 25.21 | 30.65 | OK | |
r-devel-linux-x86_64-fedora-clang | 0.6-9 | 48.65 | OK | |||
r-devel-linux-x86_64-fedora-gcc | 0.6-9 | 48.84 | OK | |||
r-devel-windows-ix86+x86_64 | 0.6-9 | 47.00 | 53.00 | 100.00 | OK | |
r-patched-linux-x86_64 | 0.6-9 | 6.76 | 31.68 | 38.44 | OK | |
r-patched-osx-x86_64 | 0.6-9 | ERROR | ||||
r-patched-solaris-x86 | 0.6-9 | 63.80 | OK | |||
r-release-linux-x86_64 | 0.6-9 | 5.27 | 29.69 | 34.96 | OK | |
r-release-windows-ix86+x86_64 | 0.6-9 | 34.00 | 75.00 | 109.00 | OK | |
r-release-osx-x86_64 | 0.6-9 | ERROR | ||||
r-oldrel-windows-ix86+x86_64 | 0.6-9 | 33.00 | 49.00 | 82.00 | OK | |
r-oldrel-osx-x86_64 | 0.6-9 | ERROR |
Version: 0.6-9
Check: whether package can be installed
Result: ERROR
Installation failed.
Flavors: r-patched-osx-x86_64, r-release-osx-x86_64, r-oldrel-osx-x86_64