Last updated on 2020-04-25 01:53:15 CEST.
Flavor | Version | Tinstall | Tcheck | Ttotal | Status | Flags |
---|---|---|---|---|---|---|
r-devel-linux-x86_64-debian-clang | 0.8-1 | 20.45 | 167.06 | 187.51 | OK | |
r-devel-linux-x86_64-debian-gcc | 0.8-1 | 17.27 | 126.90 | 144.17 | OK | |
r-devel-linux-x86_64-fedora-clang | 0.8-1 | 231.61 | OK | |||
r-devel-linux-x86_64-fedora-gcc | 0.8-1 | 234.26 | OK | |||
r-devel-windows-ix86+x86_64 | 0.8-1 | 45.00 | 264.00 | 309.00 | OK | |
r-patched-linux-x86_64 | 0.8-1 | 18.06 | 161.64 | 179.70 | OK | |
r-patched-osx-x86_64 | 0.8-1 | OK | ||||
r-patched-solaris-x86 | 0.8-1 | 292.30 | OK | |||
r-release-linux-x86_64 | 0.8-1 | 16.46 | 147.66 | 164.12 | OK | |
r-release-windows-ix86+x86_64 | 0.8-1 | 48.00 | 255.00 | 303.00 | OK | |
r-release-osx-x86_64 | 0.8-1 | OK | ||||
r-oldrel-windows-ix86+x86_64 | 0.8-1 | 28.00 | 349.00 | 377.00 | WARN | |
r-oldrel-osx-x86_64 | 0.8-1 | OK |
Version: 0.8-1
Check: whether package can be installed
Result: WARN
Found the following significant warnings:
Warning: unable to re-encode 'special-fun.R' lines 409, 410, 411
Flavor: r-oldrel-windows-ix86+x86_64