CRAN Package Check Results for Package Rmosek

Last updated on 2020-04-25 01:53:15 CEST.

Flavor Version Tinstall Tcheck Ttotal Status Flags
r-devel-linux-x86_64-debian-clang 1.3.5 1.99 18.24 20.23 NOTE --no-examples --no-tests --no-vignettes
r-devel-linux-x86_64-debian-gcc 1.3.5 1.64 14.73 16.37 NOTE --no-examples --no-tests --no-vignettes
r-devel-linux-x86_64-fedora-clang 1.3.5 27.52 OK
r-devel-linux-x86_64-fedora-gcc 1.3.5 26.74 OK
r-devel-windows-ix86+x86_64 1.3.5 7.00 33.00 40.00 OK
r-patched-linux-x86_64 1.3.5 2.06 17.71 19.77 NOTE --no-examples --no-tests --no-vignettes
r-patched-osx-x86_64 1.3.5 OK
r-release-linux-x86_64 1.3.5 1.59 16.93 18.52 NOTE --no-examples --no-tests --no-vignettes
r-release-windows-ix86+x86_64 1.3.5 5.00 33.00 38.00 OK
r-release-osx-x86_64 1.3.5 OK
r-oldrel-windows-ix86+x86_64 1.3.5 2.00 36.00 38.00 OK
r-oldrel-osx-x86_64 1.3.5 OK

Check Details

Version: 1.3.5
Flags: --no-examples --no-tests --no-vignettes
Check: R code for possible problems
Result: NOTE
    Found the following calls to attach():
    File 'Rmosek/R/builder.R':
     attach(builderenv, pos, name, warn.conflicts)
    See section 'Good practice' in '?attach'.
Flavors: r-devel-linux-x86_64-debian-clang, r-devel-linux-x86_64-debian-gcc, r-patched-linux-x86_64, r-release-linux-x86_64