CRAN Package Check Results for Package Rmalschains

Last updated on 2020-04-25 01:53:15 CEST.

Flavor Version Tinstall Tcheck Ttotal Status Flags
r-devel-linux-x86_64-debian-clang 0.2-6 125.37 26.08 151.45 OK
r-devel-linux-x86_64-debian-gcc 0.2-6 72.49 20.33 92.82 OK
r-devel-linux-x86_64-fedora-clang 0.2-6 247.57 NOTE
r-devel-linux-x86_64-fedora-gcc 0.2-6 173.42 OK
r-devel-windows-ix86+x86_64 0.2-6 332.00 72.00 404.00 OK
r-patched-linux-x86_64 0.2-6 92.98 25.47 118.45 OK
r-patched-osx-x86_64 0.2-6 NOTE
r-patched-solaris-x86 0.2-6 187.10 OK
r-release-linux-x86_64 0.2-6 89.62 23.67 113.29 OK
r-release-windows-ix86+x86_64 0.2-6 338.00 63.00 401.00 OK
r-release-osx-x86_64 0.2-6 NOTE
r-oldrel-windows-ix86+x86_64 0.2-6 239.00 91.00 330.00 OK
r-oldrel-osx-x86_64 0.2-6 NOTE

Check Details

Version: 0.2-6
Check: installed package size
Result: NOTE
     installed size is 8.1Mb
     sub-directories of 1Mb or more:
     libs 7.9Mb
Flavors: r-devel-linux-x86_64-fedora-clang, r-patched-osx-x86_64, r-release-osx-x86_64, r-oldrel-osx-x86_64