CRAN Package Check Results for Package Rlgt

Last updated on 2020-04-25 01:53:15 CEST.

Flavor Version Tinstall Tcheck Ttotal Status Flags
r-devel-linux-x86_64-debian-clang 0.1-3 344.52 109.26 453.78 NOTE
r-devel-linux-x86_64-debian-gcc 0.1-3 301.26 93.86 395.12 NOTE
r-devel-linux-x86_64-fedora-clang 0.1-3 609.98 NOTE
r-devel-linux-x86_64-fedora-gcc 0.1-3 702.82 NOTE
r-devel-windows-ix86+x86_64 0.1-3 792.00 201.00 993.00 NOTE
r-patched-linux-x86_64 0.1-3 328.58 117.72 446.30 NOTE
r-patched-osx-x86_64 0.1-3 WARN
r-patched-solaris-x86 0.1-3 592.60 NOTE
r-release-linux-x86_64 0.1-3 270.48 104.20 374.68 NOTE
r-release-windows-ix86+x86_64 0.1-3 726.00 176.00 902.00 NOTE
r-release-osx-x86_64 0.1-3 NOTE
r-oldrel-windows-ix86+x86_64 0.1-3 511.00 220.00 731.00 NOTE
r-oldrel-osx-x86_64 0.1-3 NOTE

Check Details

Version: 0.1-3
Check: for GNU extensions in Makefiles
Result: NOTE
    GNU make is a SystemRequirements.
Flavors: r-devel-linux-x86_64-debian-clang, r-devel-linux-x86_64-debian-gcc, r-devel-linux-x86_64-fedora-clang, r-devel-linux-x86_64-fedora-gcc, r-devel-windows-ix86+x86_64, r-patched-linux-x86_64, r-patched-osx-x86_64, r-patched-solaris-x86, r-release-linux-x86_64, r-release-windows-ix86+x86_64, r-release-osx-x86_64, r-oldrel-windows-ix86+x86_64, r-oldrel-osx-x86_64

Version: 0.1-3
Check: installed package size
Result: NOTE
     installed size is 59.3Mb
     sub-directories of 1Mb or more:
     libs 58.6Mb
Flavors: r-devel-linux-x86_64-fedora-clang, r-devel-windows-ix86+x86_64, r-patched-osx-x86_64, r-release-windows-ix86+x86_64, r-release-osx-x86_64, r-oldrel-windows-ix86+x86_64, r-oldrel-osx-x86_64

Version: 0.1-3
Check: re-building of vignette outputs
Result: WARN
    Error(s) in re-building vignettes:
    --- re-building ‘GT_models.Rmd’ using rmarkdown
    dyld: lazy symbol binding failed: Symbol not found: ____chkstk_darwin
     Referenced from: /usr/local/bin/pandoc (which was built for Mac OS X 10.15)
     Expected in: /usr/lib/libSystem.B.dylib
    
    dyld: Symbol not found: ____chkstk_darwin
     Referenced from: /usr/local/bin/pandoc (which was built for Mac OS X 10.15)
     Expected in: /usr/lib/libSystem.B.dylib
    
    Error: processing vignette 'GT_models.Rmd' failed with diagnostics:
    pandoc document conversion failed with error 6
    --- failed re-building ‘GT_models.Rmd’
    
    --- re-building ‘gettingStarted.Rmd’ using rmarkdown
    dyld: lazy symbol binding failed: Symbol not found: ____chkstk_darwin
     Referenced from: /usr/local/bin/pandoc (which was built for Mac OS X 10.15)
     Expected in: /usr/lib/libSystem.B.dylib
    
    dyld: Symbol not found: ____chkstk_darwin
     Referenced from: /usr/local/bin/pandoc (which was built for Mac OS X 10.15)
     Expected in: /usr/lib/libSystem.B.dylib
    
    Error: processing vignette 'gettingStarted.Rmd' failed with diagnostics:
    pandoc document conversion failed with error 6
    --- failed re-building ‘gettingStarted.Rmd’
    
    SUMMARY: processing the following files failed:
     ‘GT_models.Rmd’ ‘gettingStarted.Rmd’
    
    Error: Vignette re-building failed.
    Execution halted
Flavor: r-patched-osx-x86_64