CRAN Package Check Results for Package ReDaMoR

Last updated on 2020-04-25 01:53:15 CEST.

Flavor Version Tinstall Tcheck Ttotal Status Flags
r-devel-linux-x86_64-debian-clang 0.4.2 12.00 70.41 82.41 OK
r-devel-linux-x86_64-debian-gcc 0.4.2 8.92 53.52 62.44 OK
r-devel-linux-x86_64-fedora-clang 0.4.2 100.41 NOTE
r-devel-linux-x86_64-fedora-gcc 0.4.2 99.01 NOTE
r-devel-windows-ix86+x86_64 0.4.2 33.00 91.00 124.00 OK
r-patched-linux-x86_64 0.4.2 10.07 68.27 78.34 OK
r-patched-osx-x86_64 0.4.2 WARN
r-patched-solaris-x86 0.4.2 132.70 WARN
r-release-linux-x86_64 0.4.2 11.22 62.54 73.76 OK
r-release-windows-ix86+x86_64 0.4.2 34.00 76.00 110.00 OK
r-release-osx-x86_64 0.4.2 WARN
r-oldrel-windows-ix86+x86_64 0.4.2 12.00 92.00 104.00 OK

Check Details

Version: 0.4.2
Check: dependencies in R code
Result: NOTE
    Namespace in Imports field not imported from: ‘igraph’
     All declared Imports should be used.
Flavors: r-devel-linux-x86_64-fedora-clang, r-devel-linux-x86_64-fedora-gcc, r-patched-osx-x86_64, r-patched-solaris-x86, r-release-osx-x86_64

Version: 0.4.2
Check: re-building of vignette outputs
Result: WARN
    Error(s) in re-building vignettes:
     ...
    --- re-building ‘ReDaMoR.Rmd’ using rmarkdown
    dyld: lazy symbol binding failed: Symbol not found: ____chkstk_darwin
     Referenced from: /usr/local/bin/pandoc (which was built for Mac OS X 10.15)
     Expected in: /usr/lib/libSystem.B.dylib
    
    dyld: Symbol not found: ____chkstk_darwin
     Referenced from: /usr/local/bin/pandoc (which was built for Mac OS X 10.15)
     Expected in: /usr/lib/libSystem.B.dylib
    
    Error: processing vignette 'ReDaMoR.Rmd' failed with diagnostics:
    pandoc document conversion failed with error 6
    --- failed re-building ‘ReDaMoR.Rmd’
    
    SUMMARY: processing the following file failed:
     ‘ReDaMoR.Rmd’
    
    Error: Vignette re-building failed.
    Execution halted
Flavor: r-patched-osx-x86_64

Version: 0.4.2
Check: re-building of vignette outputs
Result: WARN
    Error(s) in re-building vignettes:
     ...
    --- re-building ‘ReDaMoR.Rmd’ using rmarkdown
    Warning in engine$weave(file, quiet = quiet, encoding = enc) :
     Pandoc (>= 1.12.3) and/or pandoc-citeproc not available. Falling back to R Markdown v1.
    Quitting from lines 155-161 (ReDaMoR.Rmd)
    Error: processing vignette 'ReDaMoR.Rmd' failed with diagnostics:
    there is no package called 'webshot'
    --- failed re-building ‘ReDaMoR.Rmd’
    
    SUMMARY: processing the following file failed:
     ‘ReDaMoR.Rmd’
    
    Error: Vignette re-building failed.
    Execution halted
Flavor: r-patched-solaris-x86

Version: 0.4.2
Check: re-building of vignette outputs
Result: WARN
    Error(s) in re-building vignettes:
     ...
    --- re-building ‘ReDaMoR.Rmd’ using rmarkdown
    Warning in engine$weave(file, quiet = quiet, encoding = enc) :
     Pandoc (>= 1.12.3) and/or pandoc-citeproc not available. Falling back to R Markdown v1.
    Quitting from lines 155-161 (ReDaMoR.Rmd)
    Error: processing vignette 'ReDaMoR.Rmd' failed with diagnostics:
    cannot open the connection
    --- failed re-building ‘ReDaMoR.Rmd’
    
    SUMMARY: processing the following file failed:
     ‘ReDaMoR.Rmd’
    
    Error: Vignette re-building failed.
    Execution halted
Flavor: r-release-osx-x86_64