CRAN Package Check Results for Package Rdroolsjars

Last updated on 2020-04-25 01:53:14 CEST.

Flavor Version Tinstall Tcheck Ttotal Status Flags
r-devel-linux-x86_64-debian-clang 1.0.1 4.35 30.10 34.45 OK
r-devel-linux-x86_64-debian-gcc 1.0.1 3.28 23.40 26.68 OK
r-devel-linux-x86_64-fedora-clang 1.0.1 41.12 NOTE
r-devel-linux-x86_64-fedora-gcc 1.0.1 42.61 OK
r-devel-windows-ix86+x86_64 1.0.1 12.00 45.00 57.00 NOTE
r-patched-linux-x86_64 1.0.1 3.61 29.26 32.87 OK
r-patched-osx-x86_64 1.0.1 NOTE
r-patched-solaris-x86 1.0.1 67.40 NOTE
r-release-linux-x86_64 1.0.1 3.62 26.76 30.38 OK
r-release-windows-ix86+x86_64 1.0.1 9.00 42.00 51.00 NOTE
r-release-osx-x86_64 1.0.1 NOTE
r-oldrel-windows-ix86+x86_64 1.0.1 7.00 40.00 47.00 NOTE
r-oldrel-osx-x86_64 1.0.1 NOTE

Check Details

Version: 1.0.1
Check: installed package size
Result: NOTE
     installed size is 10.2Mb
     sub-directories of 1Mb or more:
     java 10.1Mb
Flavors: r-devel-linux-x86_64-fedora-clang, r-devel-windows-ix86+x86_64, r-patched-osx-x86_64, r-patched-solaris-x86, r-release-windows-ix86+x86_64, r-release-osx-x86_64, r-oldrel-windows-ix86+x86_64, r-oldrel-osx-x86_64