CRAN Package Check Results for Package Rdrools

Last updated on 2020-04-25 01:53:14 CEST.

Flavor Version Tinstall Tcheck Ttotal Status Flags
r-devel-linux-x86_64-debian-clang 1.1.1 6.98 77.04 84.02 WARN
r-devel-linux-x86_64-debian-gcc 1.1.1 6.08 58.68 64.76 WARN
r-devel-linux-x86_64-fedora-clang 1.1.1 111.34 WARN
r-devel-linux-x86_64-fedora-gcc 1.1.1 107.91 WARN
r-devel-windows-ix86+x86_64 1.1.1 23.00 90.00 113.00 WARN
r-patched-linux-x86_64 1.1.1 7.33 75.72 83.05 WARN
r-patched-osx-x86_64 1.1.1 WARN
r-patched-solaris-x86 1.1.1 140.00 WARN
r-release-linux-x86_64 1.1.1 6.59 69.88 76.47 WARN
r-release-windows-ix86+x86_64 1.1.1 18.00 122.00 140.00 WARN
r-release-osx-x86_64 1.1.1 WARN
r-oldrel-windows-ix86+x86_64 1.1.1 10.00 73.00 83.00 WARN
r-oldrel-osx-x86_64 1.1.1 WARN

Check Details

Version: 1.1.1
Check: re-building of vignette outputs
Result: WARN
    Error(s) in re-building vignettes:
     ...
    --- re-building 'Executing_Business_Rules_At_Scale_With_RDrools_using_Drools.Rmd' using rmarkdown
    Loading required package: rJava
    Loading required package: Rdroolsjars
    
    Attaching package: 'dplyr'
    
    The following objects are masked from 'package:stats':
    
     filter, lag
    
    The following objects are masked from 'package:base':
    
     intersect, setdiff, setequal, union
    
    
    Attaching package: 'purrr'
    
    The following object is masked from 'package:magrittr':
    
     set_names
    
    SLF4J: Failed to load class "org.slf4j.impl.StaticLoggerBinder".
    SLF4J: Defaulting to no-operation (NOP) logger implementation
    SLF4J: See http://www.slf4j.org/codes.html#StaticLoggerBinder for further details.
    WARNING: An illegal reflective access operation has occurred
    WARNING: Illegal reflective access by com.thoughtworks.xstream.core.util.Fields (file:/tmp/RtmpwI3PEh/RLIBS_5d9d5bdc800f/Rdroolsjars/java/xstream-1.4.9.jar) to field java.util.TreeMap.comparator
    WARNING: Please consider reporting this to the maintainers of com.thoughtworks.xstream.core.util.Fields
    WARNING: Use --illegal-access=warn to enable warnings of further illegal reflective access operations
    WARNING: All illegal access operations will be denied in a future release
    Quitting from lines 183-187 (Executing_Business_Rules_At_Scale_With_RDrools_using_Drools.Rmd)
    Error: processing vignette 'Executing_Business_Rules_At_Scale_With_RDrools_using_Drools.Rmd' failed with diagnostics:
    Assigned data `paste(seq(as.numeric(lowerRange), as.numeric(upperRange)), collapse = ",")` must be compatible with existing data.
    i Error occurred for column `Indices`.
    x No common type for `value` <character> and `x` <double>.
    --- failed re-building 'Executing_Business_Rules_At_Scale_With_RDrools_using_Drools.Rmd'
    
    SUMMARY: processing the following file failed:
     'Executing_Business_Rules_At_Scale_With_RDrools_using_Drools.Rmd'
    
    Error: Vignette re-building failed.
    Execution halted
Flavor: r-devel-linux-x86_64-debian-clang

Version: 1.1.1
Check: re-building of vignette outputs
Result: WARN
    Error(s) in re-building vignettes:
     ...
    --- re-building ‘Executing_Business_Rules_At_Scale_With_RDrools_using_Drools.Rmd’ using rmarkdown
    Loading required package: rJava
    Loading required package: Rdroolsjars
    
    Attaching package: 'dplyr'
    
    The following objects are masked from 'package:stats':
    
     filter, lag
    
    The following objects are masked from 'package:base':
    
     intersect, setdiff, setequal, union
    
    
    Attaching package: 'purrr'
    
    The following object is masked from 'package:magrittr':
    
     set_names
    
    SLF4J: Failed to load class "org.slf4j.impl.StaticLoggerBinder".
    SLF4J: Defaulting to no-operation (NOP) logger implementation
    SLF4J: See http://www.slf4j.org/codes.html#StaticLoggerBinder for further details.
    WARNING: An illegal reflective access operation has occurred
    WARNING: Illegal reflective access by com.thoughtworks.xstream.core.util.Fields (file:/home/hornik/tmp/scratch/RtmpdBk5r8/RLIBS_3dae1b4305d5/Rdroolsjars/java/xstream-1.4.9.jar) to field java.util.TreeMap.comparator
    WARNING: Please consider reporting this to the maintainers of com.thoughtworks.xstream.core.util.Fields
    WARNING: Use --illegal-access=warn to enable warnings of further illegal reflective access operations
    WARNING: All illegal access operations will be denied in a future release
    Quitting from lines 183-187 (Executing_Business_Rules_At_Scale_With_RDrools_using_Drools.Rmd)
    Error: processing vignette 'Executing_Business_Rules_At_Scale_With_RDrools_using_Drools.Rmd' failed with diagnostics:
    Assigned data `paste(seq(as.numeric(lowerRange), as.numeric(upperRange)), collapse = ",")` must be compatible with existing data.
    ℹ Error occurred for column `Indices`.
    ✖ No common type for `value` <character> and `x` <double>.
    --- failed re-building ‘Executing_Business_Rules_At_Scale_With_RDrools_using_Drools.Rmd’
    
    SUMMARY: processing the following file failed:
     ‘Executing_Business_Rules_At_Scale_With_RDrools_using_Drools.Rmd’
    
    Error: Vignette re-building failed.
    Execution halted
Flavor: r-devel-linux-x86_64-debian-gcc

Version: 1.1.1
Check: re-building of vignette outputs
Result: WARN
    Error(s) in re-building vignettes:
    --- re-building ‘Executing_Business_Rules_At_Scale_With_RDrools_using_Drools.Rmd’ using rmarkdown
    Loading required package: rJava
    Loading required package: Rdroolsjars
    
    Attaching package: 'dplyr'
    
    The following objects are masked from 'package:stats':
    
     filter, lag
    
    The following objects are masked from 'package:base':
    
     intersect, setdiff, setequal, union
    
    
    Attaching package: 'purrr'
    
    The following object is masked from 'package:magrittr':
    
     set_names
    
    SLF4J: Failed to load class "org.slf4j.impl.StaticLoggerBinder".
    SLF4J: Defaulting to no-operation (NOP) logger implementation
    SLF4J: See http://www.slf4j.org/codes.html#StaticLoggerBinder for further details.
    WARNING: An illegal reflective access operation has occurred
    WARNING: Illegal reflective access by com.thoughtworks.xstream.core.util.Fields (file:/tmp/Rtmp9iphoW/RLIBS_962379915bda/Rdroolsjars/java/xstream-1.4.9.jar) to field java.util.TreeMap.comparator
    WARNING: Please consider reporting this to the maintainers of com.thoughtworks.xstream.core.util.Fields
    WARNING: Use --illegal-access=warn to enable warnings of further illegal reflective access operations
    WARNING: All illegal access operations will be denied in a future release
    Quitting from lines 183-187 (Executing_Business_Rules_At_Scale_With_RDrools_using_Drools.Rmd)
    Error: processing vignette 'Executing_Business_Rules_At_Scale_With_RDrools_using_Drools.Rmd' failed with diagnostics:
    Assigned data `paste(seq(as.numeric(lowerRange), as.numeric(upperRange)), collapse = ",")` must be compatible with existing data.
    ℹ Error occurred for column `Indices`.
    ✖ No common type for `value` <character> and `x` <double>.
    --- failed re-building ‘Executing_Business_Rules_At_Scale_With_RDrools_using_Drools.Rmd’
    
    SUMMARY: processing the following file failed:
     ‘Executing_Business_Rules_At_Scale_With_RDrools_using_Drools.Rmd’
    
    Error: Vignette re-building failed.
    Execution halted
Flavor: r-devel-linux-x86_64-fedora-clang

Version: 1.1.1
Check: re-building of vignette outputs
Result: WARN
    Error(s) in re-building vignettes:
    --- re-building ‘Executing_Business_Rules_At_Scale_With_RDrools_using_Drools.Rmd’ using rmarkdown
    Loading required package: rJava
    Loading required package: Rdroolsjars
    
    Attaching package: 'dplyr'
    
    The following objects are masked from 'package:stats':
    
     filter, lag
    
    The following objects are masked from 'package:base':
    
     intersect, setdiff, setequal, union
    
    
    Attaching package: 'purrr'
    
    The following object is masked from 'package:magrittr':
    
     set_names
    
    SLF4J: Failed to load class "org.slf4j.impl.StaticLoggerBinder".
    SLF4J: Defaulting to no-operation (NOP) logger implementation
    SLF4J: See http://www.slf4j.org/codes.html#StaticLoggerBinder for further details.
    Quitting from lines 183-187 (Executing_Business_Rules_At_Scale_With_RDrools_using_Drools.Rmd)
    Error: processing vignette 'Executing_Business_Rules_At_Scale_With_RDrools_using_Drools.Rmd' failed with diagnostics:
    Assigned data `paste(seq(as.numeric(lowerRange), as.numeric(upperRange)), collapse = ",")` must be compatible with existing data.
    ℹ Error occurred for column `Indices`.
    ✖ No common type for `value` <character> and `x` <double>.
    --- failed re-building ‘Executing_Business_Rules_At_Scale_With_RDrools_using_Drools.Rmd’
    
    SUMMARY: processing the following file failed:
     ‘Executing_Business_Rules_At_Scale_With_RDrools_using_Drools.Rmd’
    
    Error: Vignette re-building failed.
    Execution halted
Flavor: r-devel-linux-x86_64-fedora-gcc

Version: 1.1.1
Check: re-building of vignette outputs
Result: WARN
    Error(s) in re-building vignettes:
    --- re-building 'Executing_Business_Rules_At_Scale_With_RDrools_using_Drools.Rmd' using rmarkdown
    Loading required package: rJava
    Loading required package: Rdroolsjars
    
    Attaching package: 'dplyr'
    
    The following objects are masked from 'package:stats':
    
     filter, lag
    
    The following objects are masked from 'package:base':
    
     intersect, setdiff, setequal, union
    
    
    Attaching package: 'purrr'
    
    The following object is masked from 'package:magrittr':
    
     set_names
    
    SLF4J: Failed to load class "org.slf4j.impl.StaticLoggerBinder".
    SLF4J: Defaulting to no-operation (NOP) logger implementation
    SLF4J: See http://www.slf4j.org/codes.html#StaticLoggerBinder for further details.
    Quitting from lines 183-187 (Executing_Business_Rules_At_Scale_With_RDrools_using_Drools.Rmd)
    Error: processing vignette 'Executing_Business_Rules_At_Scale_With_RDrools_using_Drools.Rmd' failed with diagnostics:
    Assigned data `paste(seq(as.numeric(lowerRange), as.numeric(upperRange)), collapse = ",")` must be compatible with existing data.
    i Error occurred for column `Indices`.
    x No common type for `value` <character> and `x` <double>.
    --- failed re-building 'Executing_Business_Rules_At_Scale_With_RDrools_using_Drools.Rmd'
    
    SUMMARY: processing the following file failed:
     'Executing_Business_Rules_At_Scale_With_RDrools_using_Drools.Rmd'
    
    Error: Vignette re-building failed.
    Execution halted
Flavors: r-devel-windows-ix86+x86_64, r-release-windows-ix86+x86_64

Version: 1.1.1
Check: re-building of vignette outputs
Result: WARN
    Error(s) in re-building vignettes:
     ...
    --- re-building ‘Executing_Business_Rules_At_Scale_With_RDrools_using_Drools.Rmd’ using rmarkdown
    Loading required package: rJava
    Loading required package: Rdroolsjars
    
    Attaching package: 'dplyr'
    
    The following objects are masked from 'package:stats':
    
     filter, lag
    
    The following objects are masked from 'package:base':
    
     intersect, setdiff, setequal, union
    
    
    Attaching package: 'purrr'
    
    The following object is masked from 'package:magrittr':
    
     set_names
    
    SLF4J: Failed to load class "org.slf4j.impl.StaticLoggerBinder".
    SLF4J: Defaulting to no-operation (NOP) logger implementation
    SLF4J: See http://www.slf4j.org/codes.html#StaticLoggerBinder for further details.
    WARNING: An illegal reflective access operation has occurred
    WARNING: Illegal reflective access by com.thoughtworks.xstream.core.util.Fields (file:/tmp/Rtmpdij7Is/RLIBS_5ae2246f1b23/Rdroolsjars/java/xstream-1.4.9.jar) to field java.util.TreeMap.comparator
    WARNING: Please consider reporting this to the maintainers of com.thoughtworks.xstream.core.util.Fields
    WARNING: Use --illegal-access=warn to enable warnings of further illegal reflective access operations
    WARNING: All illegal access operations will be denied in a future release
    Quitting from lines 183-187 (Executing_Business_Rules_At_Scale_With_RDrools_using_Drools.Rmd)
    Error: processing vignette 'Executing_Business_Rules_At_Scale_With_RDrools_using_Drools.Rmd' failed with diagnostics:
    Assigned data `paste(seq(as.numeric(lowerRange), as.numeric(upperRange)), collapse = ",")` must be compatible with existing data.
    ℹ Error occurred for column `Indices`.
    ✖ No common type for `value` <character> and `x` <double>.
    --- failed re-building ‘Executing_Business_Rules_At_Scale_With_RDrools_using_Drools.Rmd’
    
    SUMMARY: processing the following file failed:
     ‘Executing_Business_Rules_At_Scale_With_RDrools_using_Drools.Rmd’
    
    Error: Vignette re-building failed.
    Execution halted
Flavor: r-patched-linux-x86_64

Version: 1.1.1
Check: re-building of vignette outputs
Result: WARN
    Error(s) in re-building vignettes:
    --- re-building ‘Executing_Business_Rules_At_Scale_With_RDrools_using_Drools.Rmd’ using rmarkdown
    Loading required package: rJava
    Loading required package: Rdroolsjars
    
    Attaching package: 'dplyr'
    
    The following objects are masked from 'package:stats':
    
     filter, lag
    
    The following objects are masked from 'package:base':
    
     intersect, setdiff, setequal, union
    
    
    Attaching package: 'purrr'
    
    The following object is masked from 'package:magrittr':
    
     set_names
    
    SLF4J: Failed to load class "org.slf4j.impl.StaticLoggerBinder".
    SLF4J: Defaulting to no-operation (NOP) logger implementation
    SLF4J: See http://www.slf4j.org/codes.html#StaticLoggerBinder for further details.
    Warning in if (class(intermediateOutput) == "list") { :
     the condition has length > 1 and only the first element will be used
    Warning: filter_() is deprecated.
    Please use filter() instead
    
    The 'programming' vignette or the tidyeval book can help you
    to program with filter() : https://tidyeval.tidyverse.org
    This warning is displayed once per session.
    Warning in if (class(intermediateOutput) == "list") { :
     the condition has length > 1 and only the first element will be used
    Warning in if (class(intermediateOutput) == "list") { :
     the condition has length > 1 and only the first element will be used
    Warning in if (class(intermediateOutput) == "list") { :
     the condition has length > 1 and only the first element will be used
    dyld: lazy symbol binding failed: Symbol not found: ____chkstk_darwin
     Referenced from: /usr/local/bin/pandoc (which was built for Mac OS X 10.15)
     Expected in: /usr/lib/libSystem.B.dylib
    
    dyld: Symbol not found: ____chkstk_darwin
     Referenced from: /usr/local/bin/pandoc (which was built for Mac OS X 10.15)
     Expected in: /usr/lib/libSystem.B.dylib
    
    Error: processing vignette 'Executing_Business_Rules_At_Scale_With_RDrools_using_Drools.Rmd' failed with diagnostics:
    pandoc document conversion failed with error 6
    --- failed re-building ‘Executing_Business_Rules_At_Scale_With_RDrools_using_Drools.Rmd’
    
    SUMMARY: processing the following file failed:
     ‘Executing_Business_Rules_At_Scale_With_RDrools_using_Drools.Rmd’
    
    Error: Vignette re-building failed.
    Execution halted
Flavor: r-patched-osx-x86_64

Version: 1.1.1
Check: re-building of vignette outputs
Result: WARN
    Error(s) in re-building vignettes:
     ...
    --- re-building ‘Executing_Business_Rules_At_Scale_With_RDrools_using_Drools.Rmd’ using rmarkdown
    Warning in engine$weave(file, quiet = quiet, encoding = enc) :
     Pandoc (>= 1.12.3) and/or pandoc-citeproc not available. Falling back to R Markdown v1.
    Loading required package: rJava
    Loading required package: Rdroolsjars
    
    Attaching package: 'dplyr'
    
    The following objects are masked from 'package:stats':
    
     filter, lag
    
    The following objects are masked from 'package:base':
    
     intersect, setdiff, setequal, union
    
    
    Attaching package: 'purrr'
    
    The following object is masked from 'package:magrittr':
    
     set_names
    
    SLF4J: Failed to load class "org.slf4j.impl.StaticLoggerBinder".
    SLF4J: Defaulting to no-operation (NOP) logger implementation
    SLF4J: See http://www.slf4j.org/codes.html#StaticLoggerBinder for further details.
    Quitting from lines 183-187 (Executing_Business_Rules_At_Scale_With_RDrools_using_Drools.Rmd)
    Error: processing vignette 'Executing_Business_Rules_At_Scale_With_RDrools_using_Drools.Rmd' failed with diagnostics:
    Assigned data `paste(seq(as.numeric(lowerRange), as.numeric(upperRange)), collapse = ",")` must be compatible with existing data.
    ℹ Error occurred for column `Indices`.
    ✖ No common type for `value` <character> and `x` <double>.
    --- failed re-building ‘Executing_Business_Rules_At_Scale_With_RDrools_using_Drools.Rmd’
    
    SUMMARY: processing the following file failed:
     ‘Executing_Business_Rules_At_Scale_With_RDrools_using_Drools.Rmd’
    
    Error: Vignette re-building failed.
    Execution halted
Flavor: r-patched-solaris-x86

Version: 1.1.1
Check: re-building of vignette outputs
Result: WARN
    Error(s) in re-building vignettes:
     ...
    --- re-building ‘Executing_Business_Rules_At_Scale_With_RDrools_using_Drools.Rmd’ using rmarkdown
    Loading required package: rJava
    Loading required package: Rdroolsjars
    
    Attaching package: 'dplyr'
    
    The following objects are masked from 'package:stats':
    
     filter, lag
    
    The following objects are masked from 'package:base':
    
     intersect, setdiff, setequal, union
    
    
    Attaching package: 'purrr'
    
    The following object is masked from 'package:magrittr':
    
     set_names
    
    SLF4J: Failed to load class "org.slf4j.impl.StaticLoggerBinder".
    SLF4J: Defaulting to no-operation (NOP) logger implementation
    SLF4J: See http://www.slf4j.org/codes.html#StaticLoggerBinder for further details.
    WARNING: An illegal reflective access operation has occurred
    WARNING: Illegal reflective access by com.thoughtworks.xstream.core.util.Fields (file:/tmp/RtmpMSADa9/RLIBS_7e4e79df0cee/Rdroolsjars/java/xstream-1.4.9.jar) to field java.util.TreeMap.comparator
    WARNING: Please consider reporting this to the maintainers of com.thoughtworks.xstream.core.util.Fields
    WARNING: Use --illegal-access=warn to enable warnings of further illegal reflective access operations
    WARNING: All illegal access operations will be denied in a future release
    Quitting from lines 183-187 (Executing_Business_Rules_At_Scale_With_RDrools_using_Drools.Rmd)
    Error: processing vignette 'Executing_Business_Rules_At_Scale_With_RDrools_using_Drools.Rmd' failed with diagnostics:
    Assigned data `paste(seq(as.numeric(lowerRange), as.numeric(upperRange)), collapse = ",")` must be compatible with existing data.
    ℹ Error occurred for column `Indices`.
    ✖ No common type for `value` <character> and `x` <double>.
    --- failed re-building ‘Executing_Business_Rules_At_Scale_With_RDrools_using_Drools.Rmd’
    
    SUMMARY: processing the following file failed:
     ‘Executing_Business_Rules_At_Scale_With_RDrools_using_Drools.Rmd’
    
    Error: Vignette re-building failed.
    Execution halted
Flavor: r-release-linux-x86_64

Version: 1.1.1
Check: re-building of vignette outputs
Result: WARN
    Error(s) in re-building vignettes:
    --- re-building ‘Executing_Business_Rules_At_Scale_With_RDrools_using_Drools.Rmd’ using rmarkdown
    Warning in engine$weave(file, quiet = quiet, encoding = enc) :
     Pandoc (>= 1.12.3) and/or pandoc-citeproc not available. Falling back to R Markdown v1.
    Loading required package: rJava
    Loading required package: Rdroolsjars
    
    Attaching package: 'dplyr'
    
    The following objects are masked from 'package:stats':
    
     filter, lag
    
    The following objects are masked from 'package:base':
    
     intersect, setdiff, setequal, union
    
    
    Attaching package: 'purrr'
    
    The following object is masked from 'package:magrittr':
    
     set_names
    
    SLF4J: Failed to load class "org.slf4j.impl.StaticLoggerBinder".
    SLF4J: Defaulting to no-operation (NOP) logger implementation
    SLF4J: See http://www.slf4j.org/codes.html#StaticLoggerBinder for further details.
    WARNING: An illegal reflective access operation has occurred
    WARNING: Illegal reflective access by com.thoughtworks.xstream.core.util.Fields (file:/Volumes/SSD-Data/Builds/R-dev-web/QA/Simon/packages/el-capitan-x86_64/Rlib/3.6/Rdroolsjars/java/xstream-1.4.9.jar) to field java.util.TreeMap.comparator
    WARNING: Please consider reporting this to the maintainers of com.thoughtworks.xstream.core.util.Fields
    WARNING: Use --illegal-access=warn to enable warnings of further illegal reflective access operations
    WARNING: All illegal access operations will be denied in a future release
    Warning in if (class(intermediateOutput) == "list") { :
     the condition has length > 1 and only the first element will be used
    Warning: filter_() is deprecated.
    Please use filter() instead
    
    The 'programming' vignette or the tidyeval book can help you
    to program with filter() : https://tidyeval.tidyverse.org
    This warning is displayed once per session.
    Warning in if (class(intermediateOutput) == "list") { :
     the condition has length > 1 and only the first element will be used
    Warning in normalizePath(f2) :
     path[1]="webshot42723cd7872a.png": No such file or directory
    Warning in file(con, "rb") :
     cannot open file 'webshot42723cd7872a.png': No such file or directory
    Quitting from lines 374-381 (Executing_Business_Rules_At_Scale_With_RDrools_using_Drools.Rmd)
    Error: processing vignette 'Executing_Business_Rules_At_Scale_With_RDrools_using_Drools.Rmd' failed with diagnostics:
    cannot open the connection
    --- failed re-building ‘Executing_Business_Rules_At_Scale_With_RDrools_using_Drools.Rmd’
    
    SUMMARY: processing the following file failed:
     ‘Executing_Business_Rules_At_Scale_With_RDrools_using_Drools.Rmd’
    
    Error: Vignette re-building failed.
    Execution halted
Flavor: r-release-osx-x86_64

Version: 1.1.1
Check: re-building of vignette outputs
Result: WARN
    Error in re-building vignettes:
     ...
    Loading required package: rJava
    Loading required package: Rdroolsjars
    
    Attaching package: 'dplyr'
    
    The following objects are masked from 'package:stats':
    
     filter, lag
    
    The following objects are masked from 'package:base':
    
     intersect, setdiff, setequal, union
    
    
    Attaching package: 'purrr'
    
    The following object is masked from 'package:magrittr':
    
     set_names
    
    SLF4J: Failed to load class "org.slf4j.impl.StaticLoggerBinder".
    SLF4J: Defaulting to no-operation (NOP) logger implementation
    SLF4J: See http://www.slf4j.org/codes.html#StaticLoggerBinder for further details.
    Quitting from lines 183-187 (Executing_Business_Rules_At_Scale_With_RDrools_using_Drools.Rmd)
    Error: processing vignette 'Executing_Business_Rules_At_Scale_With_RDrools_using_Drools.Rmd' failed with diagnostics:
    Assigned data `paste(seq(as.numeric(lowerRange), as.numeric(upperRange)), collapse = ",")` must be compatible with existing data.
    i Error occurred for column `Indices`.
    x No common type for `value` <character> and `x` <double>.
    Execution halted
Flavor: r-oldrel-windows-ix86+x86_64

Version: 1.1.1
Check: re-building of vignette outputs
Result: WARN
    Error in re-building vignettes:
     ...
    
    The following object is masked from 'package:magrittr':
    
     set_names
    
    SLF4J: Failed to load class "org.slf4j.impl.StaticLoggerBinder".
    SLF4J: Defaulting to no-operation (NOP) logger implementation
    SLF4J: See http://www.slf4j.org/codes.html#StaticLoggerBinder for further details.
    WARNING: An illegal reflective access operation has occurred
    WARNING: Illegal reflective access by com.thoughtworks.xstream.core.util.Fields (file:/Volumes/SSD-Data/Builds/R-dev-web/QA/Simon/packages/el-capitan-x86_64/Rlib/3.5/Rdroolsjars/java/xstream-1.4.9.jar) to field java.util.TreeMap.comparator
    WARNING: Please consider reporting this to the maintainers of com.thoughtworks.xstream.core.util.Fields
    WARNING: Use --illegal-access=warn to enable warnings of further illegal reflective access operations
    WARNING: All illegal access operations will be denied in a future release
    Warning in if (class(intermediateOutput) == "list") { :
     the condition has length > 1 and only the first element will be used
    Warning in if (class(intermediateOutput) == "list") { :
     the condition has length > 1 and only the first element will be used
    Warning in normalizePath(f2) :
     path[1]="./webshot94d2112788b9.png": No such file or directory
    Warning in file(con, "rb") :
     cannot open file './webshot94d2112788b9.png': No such file or directory
    Quitting from lines 374-381 (Executing_Business_Rules_At_Scale_With_RDrools_using_Drools.Rmd)
    Error: processing vignette 'Executing_Business_Rules_At_Scale_With_RDrools_using_Drools.Rmd' failed with diagnostics:
    cannot open the connection
    Execution halted
Flavor: r-oldrel-osx-x86_64