CRAN Package Check Results for Package Rd2roxygen

Last updated on 2020-04-25 01:53:14 CEST.

Flavor Version Tinstall Tcheck Ttotal Status Flags
r-devel-linux-x86_64-debian-clang 1.10 2.57 22.53 25.10 OK
r-devel-linux-x86_64-debian-gcc 1.10 2.21 18.10 20.31 OK
r-devel-linux-x86_64-fedora-clang 1.10 31.55 NOTE
r-devel-linux-x86_64-fedora-gcc 1.10 31.21 NOTE
r-devel-windows-ix86+x86_64 1.10 13.00 37.00 50.00 OK
r-patched-linux-x86_64 1.10 2.63 22.20 24.83 OK
r-patched-osx-x86_64 1.10 NOTE
r-patched-solaris-x86 1.10 45.50 NOTE
r-release-linux-x86_64 1.10 1.80 21.04 22.84 OK
r-release-windows-ix86+x86_64 1.10 8.00 34.00 42.00 OK
r-release-osx-x86_64 1.10 NOTE
r-oldrel-windows-ix86+x86_64 1.10 3.00 41.00 44.00 OK
r-oldrel-osx-x86_64 1.9 OK

Check Details

Version: 1.10
Check: dependencies in R code
Result: NOTE
    Namespace in Imports field not imported from: ‘roxygen2’
     All declared Imports should be used.
Flavors: r-devel-linux-x86_64-fedora-clang, r-devel-linux-x86_64-fedora-gcc, r-patched-osx-x86_64, r-patched-solaris-x86, r-release-osx-x86_64