Last updated on 2020-04-25 01:53:14 CEST.
Flavor | Version | Tinstall | Tcheck | Ttotal | Status | Flags |
---|---|---|---|---|---|---|
r-devel-linux-x86_64-debian-clang | 0.1.6 | 36.01 | 24.31 | 60.32 | OK | |
r-devel-linux-x86_64-debian-gcc | 0.1.6 | 25.59 | 19.66 | 45.25 | OK | |
r-devel-linux-x86_64-fedora-clang | 0.1.6 | 76.74 | NOTE | |||
r-devel-linux-x86_64-fedora-gcc | 0.1.6 | 80.66 | NOTE | |||
r-devel-windows-ix86+x86_64 | 0.1.6 | 83.00 | 66.00 | 149.00 | OK | |
r-patched-linux-x86_64 | 0.1.6 | 27.94 | 24.05 | 51.99 | OK | |
r-patched-osx-x86_64 | 0.1.6 | OK | ||||
r-patched-solaris-x86 | 0.1.6 | 91.60 | OK | |||
r-release-linux-x86_64 | 0.1.6 | 28.66 | 22.44 | 51.10 | OK | |
r-release-windows-ix86+x86_64 | 0.1.6 | 95.00 | 60.00 | 155.00 | OK | |
r-release-osx-x86_64 | 0.1.6 | OK | ||||
r-oldrel-windows-ix86+x86_64 | 0.1.6 | 67.00 | 77.00 | 144.00 | OK | |
r-oldrel-osx-x86_64 | 0.1.6 | OK |
Version: 0.1.6
Check: top-level files
Result: NOTE
‘cleanup’: /bin/bash is not portable
Flavors: r-devel-linux-x86_64-fedora-clang, r-devel-linux-x86_64-fedora-gcc