CRAN Package Check Results for Package RcppNumerical

Last updated on 2020-04-25 01:53:14 CEST.

Flavor Version Tinstall Tcheck Ttotal Status Flags
r-devel-linux-x86_64-debian-clang 0.4-0 38.63 151.18 189.81 OK
r-devel-linux-x86_64-debian-gcc 0.4-0 27.69 110.57 138.26 OK
r-devel-linux-x86_64-fedora-clang 0.4-0 226.83 NOTE
r-devel-linux-x86_64-fedora-gcc 0.4-0 239.96 OK
r-devel-windows-ix86+x86_64 0.4-0 108.00 176.00 284.00 OK
r-patched-linux-x86_64 0.4-0 38.81 152.18 190.99 OK
r-patched-osx-x86_64 0.4-0 NOTE
r-patched-solaris-x86 0.4-0 226.30 OK
r-release-linux-x86_64 0.4-0 34.67 148.16 182.83 OK
r-release-windows-ix86+x86_64 0.4-0 95.00 169.00 264.00 OK
r-release-osx-x86_64 0.4-0 NOTE
r-oldrel-windows-ix86+x86_64 0.4-0 64.00 167.00 231.00 OK
r-oldrel-osx-x86_64 0.4-0 NOTE

Check Details

Version: 0.4-0
Check: installed package size
Result: NOTE
     installed size is 5.6Mb
     sub-directories of 1Mb or more:
     libs 5.1Mb
Flavors: r-devel-linux-x86_64-fedora-clang, r-patched-osx-x86_64, r-release-osx-x86_64, r-oldrel-osx-x86_64