CRAN Package Check Results for Package RcppMsgPack

Last updated on 2020-04-25 01:53:14 CEST.

Flavor Version Tinstall Tcheck Ttotal Status Flags
r-devel-linux-x86_64-debian-clang 0.2.3 50.43 66.28 116.71 OK
r-devel-linux-x86_64-debian-gcc 0.2.3 29.75 56.62 86.37 OK
r-devel-linux-x86_64-fedora-clang 0.2.3 147.03 NOTE
r-devel-linux-x86_64-fedora-gcc 0.2.3 151.65 OK
r-devel-windows-ix86+x86_64 0.2.3 133.00 164.00 297.00 NOTE
r-patched-linux-x86_64 0.2.3 40.92 67.11 108.03 OK
r-patched-osx-x86_64 0.2.3 NOTE
r-patched-solaris-x86 0.2.3 187.90 NOTE
r-release-linux-x86_64 0.2.3 37.23 65.12 102.35 OK
r-release-windows-ix86+x86_64 0.2.3 143.00 231.00 374.00 NOTE
r-release-osx-x86_64 0.2.3 NOTE
r-oldrel-windows-ix86+x86_64 0.2.3 95.00 236.00 331.00 NOTE
r-oldrel-osx-x86_64 0.2.3 NOTE

Check Details

Version: 0.2.3
Check: installed package size
Result: NOTE
     installed size is 10.4Mb
     sub-directories of 1Mb or more:
     include 7.0Mb
     libs 2.9Mb
Flavors: r-devel-linux-x86_64-fedora-clang, r-devel-windows-ix86+x86_64, r-patched-osx-x86_64, r-patched-solaris-x86, r-release-windows-ix86+x86_64, r-release-osx-x86_64, r-oldrel-windows-ix86+x86_64, r-oldrel-osx-x86_64