Last updated on 2020-04-25 01:53:14 CEST.
Flavor | Version | Tinstall | Tcheck | Ttotal | Status | Flags |
---|---|---|---|---|---|---|
r-devel-linux-x86_64-debian-clang | 0.0.3 | 18.14 | 22.77 | 40.91 | OK | |
r-devel-linux-x86_64-debian-gcc | 0.0.3 | 12.19 | 18.03 | 30.22 | OK | |
r-devel-linux-x86_64-fedora-clang | 0.0.3 | 55.85 | NOTE | |||
r-devel-linux-x86_64-fedora-gcc | 0.0.3 | 52.08 | NOTE | |||
r-patched-linux-x86_64 | 0.0.3 | 14.93 | 22.08 | 37.01 | OK | |
r-patched-osx-x86_64 | 0.0.3 | OK | ||||
r-patched-solaris-x86 | 0.0.3 | 68.70 | OK | |||
r-release-linux-x86_64 | 0.0.3 | 16.52 | 20.61 | 37.13 | OK | |
r-release-osx-x86_64 | 0.0.3 | OK | ||||
r-oldrel-osx-x86_64 | 0.0.3 | OK |
Version: 0.0.3
Check: top-level files
Result: NOTE
‘configure’: /bin/bash is not portable
Flavors: r-devel-linux-x86_64-fedora-clang, r-devel-linux-x86_64-fedora-gcc