Last updated on 2020-04-25 01:53:14 CEST.
Flavor | Version | Tinstall | Tcheck | Ttotal | Status | Flags |
---|---|---|---|---|---|---|
r-devel-linux-x86_64-debian-clang | 0.0.16 | 47.54 | 75.62 | 123.16 | OK | |
r-devel-linux-x86_64-debian-gcc | 0.0.16 | 31.65 | 57.01 | 88.66 | OK | |
r-devel-linux-x86_64-fedora-clang | 0.0.16 | 156.57 | NOTE | |||
r-devel-linux-x86_64-fedora-gcc | 0.0.16 | 155.01 | OK | |||
r-devel-windows-ix86+x86_64 | 0.0.16 | 119.00 | 150.00 | 269.00 | OK | |
r-patched-linux-x86_64 | 0.0.16 | 36.56 | 75.07 | 111.63 | OK | |
r-patched-osx-x86_64 | 0.0.16 | NOTE | ||||
r-patched-solaris-x86 | 0.0.16 | 187.20 | OK | |||
r-release-linux-x86_64 | 0.0.16 | 34.63 | 67.67 | 102.30 | OK | |
r-release-windows-ix86+x86_64 | 0.0.16 | 118.00 | 135.00 | 253.00 | OK | |
r-release-osx-x86_64 | 0.0.16 | NOTE | ||||
r-oldrel-windows-ix86+x86_64 | 0.0.16 | 86.00 | 179.00 | 265.00 | OK | |
r-oldrel-osx-x86_64 | 0.0.16 | NOTE |
Version: 0.0.16
Check: installed package size
Result: NOTE
installed size is 6.1Mb
sub-directories of 1Mb or more:
libs 5.6Mb
Flavors: r-devel-linux-x86_64-fedora-clang, r-patched-osx-x86_64, r-release-osx-x86_64, r-oldrel-osx-x86_64