CRAN Package Check Results for Package Rcplex

Last updated on 2020-04-25 01:53:14 CEST.

Flavor Version Tinstall Tcheck Ttotal Status Flags
r-devel-linux-x86_64-debian-clang 0.3-3 2.37 23.94 26.31 OK --no-examples --no-tests --no-vignettes
r-devel-linux-x86_64-debian-gcc 0.3-3 2.00 18.72 20.72 OK --no-examples --no-tests --no-vignettes
r-devel-windows-ix86+x86_64 0.3-3 2.00 6.00 8.00 ERROR
r-patched-linux-x86_64 0.3-3 2.42 23.38 25.80 OK --no-examples --no-tests --no-vignettes
r-patched-osx-x86_64 0.3-3 ERROR
r-release-linux-x86_64 0.3-3 2.02 21.72 23.74 OK --no-examples --no-tests --no-vignettes
r-release-osx-x86_64 0.3-3 ERROR
r-oldrel-windows-ix86+x86_64 0.3-3 1.00 4.00 5.00 ERROR
r-oldrel-osx-x86_64 0.3-3 ERROR

Check Details

Version: 0.3-3
Check: whether package can be installed
Result: ERROR
    Installation failed.
Flavors: r-devel-windows-ix86+x86_64, r-patched-osx-x86_64, r-release-osx-x86_64, r-oldrel-windows-ix86+x86_64, r-oldrel-osx-x86_64