CRAN Package Check Results for Package RcmdrPlugin.TeachingDemos

Last updated on 2020-04-25 01:53:14 CEST.

Flavor Version Tinstall Tcheck Ttotal Status Flags
r-devel-linux-x86_64-debian-clang 1.1-0 17.18 116.72 133.90 OK
r-devel-linux-x86_64-debian-gcc 1.1-0 14.20 92.93 107.13 OK
r-devel-linux-x86_64-fedora-clang 1.1-0 167.26 OK
r-devel-linux-x86_64-fedora-gcc 1.1-0 166.30 OK
r-devel-windows-ix86+x86_64 1.1-0 88.00 153.00 241.00 OK
r-patched-linux-x86_64 1.1-0 15.07 114.14 129.21 OK
r-patched-osx-x86_64 1.1-0 OK
r-patched-solaris-x86 1.1-0 286.70 OK
r-release-linux-x86_64 1.1-0 13.21 105.13 118.34 OK
r-release-windows-ix86+x86_64 1.1-0 79.00 142.00 221.00 OK
r-release-osx-x86_64 1.1-0 FAIL
r-oldrel-windows-ix86+x86_64 1.1-0 45.00 250.00 295.00 OK
r-oldrel-osx-x86_64 1.1-0 OK

Check Details

Version: 1.1-0
Check: whether package can be installed
Result: WARN
    Found the following significant warnings:
     Warning: 'rgl_init' failed, running with rgl.useNULL = TRUE
     Warning: loading Rplot failed
Flavor: r-release-osx-x86_64

Version: 1.1-0
Check: whether the namespace can be loaded with stated dependencies
Result: FAIL
Flavor: r-release-osx-x86_64