CRAN Package Check Results for Package RcmdrPlugin.PcaRobust

Last updated on 2020-04-25 01:53:14 CEST.

Flavor Version Tinstall Tcheck Ttotal Status Flags
r-devel-linux-x86_64-debian-clang 1.1.4 17.38 116.30 133.68 OK
r-devel-linux-x86_64-debian-gcc 1.1.4 13.41 90.73 104.14 OK
r-devel-linux-x86_64-fedora-clang 1.1.4 167.12 OK
r-devel-linux-x86_64-fedora-gcc 1.1.4 165.39 OK
r-devel-windows-ix86+x86_64 1.1.4 82.00 148.00 230.00 OK
r-patched-linux-x86_64 1.1.4 15.67 114.22 129.89 OK
r-patched-osx-x86_64 1.1.4 OK
r-patched-solaris-x86 1.1.4 287.50 OK
r-release-linux-x86_64 1.1.4 11.38 103.71 115.09 OK
r-release-windows-ix86+x86_64 1.1.4 69.00 136.00 205.00 OK
r-release-osx-x86_64 1.1.4 FAIL
r-oldrel-windows-ix86+x86_64 1.1.4 39.00 238.00 277.00 OK
r-oldrel-osx-x86_64 1.1.4 OK

Check Details

Version: 1.1.4
Check: whether package can be installed
Result: FAIL
Flavor: r-release-osx-x86_64