CRAN Package Check Results for Package Rcereal

Last updated on 2020-04-25 01:53:14 CEST.

Flavor Version Tinstall Tcheck Ttotal Status Flags
r-devel-linux-x86_64-debian-clang 1.2.1 2.00 21.19 23.19 NOTE
r-devel-linux-x86_64-debian-gcc 1.2.1 1.73 16.96 18.69 NOTE
r-devel-linux-x86_64-fedora-clang 1.2.1 29.60 NOTE
r-devel-linux-x86_64-fedora-gcc 1.2.1 28.99 NOTE
r-devel-windows-ix86+x86_64 1.2.1 7.00 34.00 41.00 NOTE
r-patched-linux-x86_64 1.2.1 2.06 20.99 23.05 NOTE
r-patched-osx-x86_64 1.2.1 NOTE
r-patched-solaris-x86 1.2.1 47.70 NOTE
r-release-linux-x86_64 1.2.1 1.59 19.71 21.30 NOTE
r-release-windows-ix86+x86_64 1.2.1 8.00 43.00 51.00 NOTE
r-release-osx-x86_64 1.2.1 NOTE
r-oldrel-windows-ix86+x86_64 1.2.1 3.00 37.00 40.00 OK
r-oldrel-osx-x86_64 1.2.1 OK

Check Details

Version: 1.2.1
Check: line endings in C/C++/Fortran sources/headers
Result: NOTE
    Found the following sources/headers not terminated with a newline:
     inst/include/cereal/types/memory.hpp
    Some compilers warn on such files.
Flavors: r-devel-linux-x86_64-debian-clang, r-devel-linux-x86_64-debian-gcc, r-devel-linux-x86_64-fedora-clang, r-devel-linux-x86_64-fedora-gcc, r-devel-windows-ix86+x86_64, r-patched-linux-x86_64, r-patched-osx-x86_64, r-patched-solaris-x86, r-release-linux-x86_64, r-release-windows-ix86+x86_64, r-release-osx-x86_64