Last updated on 2020-04-25 01:53:14 CEST.
Flavor | Version | Tinstall | Tcheck | Ttotal | Status | Flags |
---|---|---|---|---|---|---|
r-devel-linux-x86_64-debian-clang | 0.2-3 | 189.36 | 33.89 | 223.25 | OK | |
r-devel-linux-x86_64-debian-gcc | 0.2-3 | 123.32 | 26.97 | 150.29 | OK | |
r-devel-linux-x86_64-fedora-clang | 0.2-3 | 323.26 | NOTE | |||
r-devel-linux-x86_64-fedora-gcc | 0.2-3 | 292.98 | OK | |||
r-devel-windows-ix86+x86_64 | 0.2-3 | 460.00 | 89.00 | 549.00 | OK | |
r-patched-linux-x86_64 | 0.2-3 | 146.69 | 33.08 | 179.77 | OK | |
r-patched-osx-x86_64 | 0.2-3 | NOTE | ||||
r-patched-solaris-x86 | 0.2-3 | 258.80 | OK | |||
r-release-linux-x86_64 | 0.2-3 | 143.57 | 31.29 | 174.86 | OK | |
r-release-windows-ix86+x86_64 | 0.2-3 | 508.00 | 110.00 | 618.00 | OK | |
r-release-osx-x86_64 | 0.2-3 | NOTE | ||||
r-oldrel-windows-ix86+x86_64 | 0.2-3 | 388.00 | 101.00 | 489.00 | OK | |
r-oldrel-osx-x86_64 | 0.2-3 | NOTE |
Version: 0.2-3
Check: installed package size
Result: NOTE
installed size is 12.9Mb
sub-directories of 1Mb or more:
libs 12.6Mb
Flavors: r-devel-linux-x86_64-fedora-clang, r-patched-osx-x86_64, r-release-osx-x86_64, r-oldrel-osx-x86_64