CRAN Package Check Results for Package RandomFields

Last updated on 2020-04-25 01:53:14 CEST.

Flavor Version Tinstall Tcheck Ttotal Status Flags
r-devel-linux-x86_64-debian-clang 3.3.8 114.29 229.19 343.48 OK
r-devel-linux-x86_64-debian-gcc 3.3.8 80.43 175.46 255.89 OK
r-devel-linux-x86_64-fedora-clang 3.3.8 423.09 NOTE
r-devel-linux-x86_64-fedora-gcc 3.3.8 409.68 OK
r-devel-windows-ix86+x86_64 3.3.8 283.00 348.00 631.00 NOTE
r-patched-linux-x86_64 3.3.8 92.58 228.42 321.00 OK
r-patched-osx-x86_64 3.3.8 NOTE
r-patched-solaris-x86 3.3.8 454.40 OK
r-release-linux-x86_64 3.3.8 85.65 206.94 292.59 OK
r-release-windows-ix86+x86_64 3.3.8 282.00 334.00 616.00 NOTE
r-release-osx-x86_64 3.3.8 NOTE
r-oldrel-windows-ix86+x86_64 3.3.8 202.00 276.00 478.00 NOTE
r-oldrel-osx-x86_64 3.3.8 NOTE

Check Details

Version: 3.3.8
Check: installed package size
Result: NOTE
     installed size is 8.2Mb
     sub-directories of 1Mb or more:
     R 1.6Mb
     help 1.2Mb
     libs 5.2Mb
Flavors: r-devel-linux-x86_64-fedora-clang, r-devel-windows-ix86+x86_64, r-patched-osx-x86_64, r-release-windows-ix86+x86_64, r-release-osx-x86_64, r-oldrel-windows-ix86+x86_64, r-oldrel-osx-x86_64

Version: 3.3.8
Check: dependencies in R code
Result: NOTE
    No protocol specified
    No protocol specified
    No protocol specified
    No protocol specified
Flavors: r-release-osx-x86_64, r-oldrel-osx-x86_64