CRAN Package Check Results for Package RZigZag

Last updated on 2020-04-25 01:53:16 CEST.

Flavor Version Tinstall Tcheck Ttotal Status Flags
r-devel-linux-x86_64-debian-clang 0.2.1 103.27 23.66 126.93 OK
r-devel-linux-x86_64-debian-gcc 0.2.1 65.78 19.96 85.74 OK
r-devel-linux-x86_64-fedora-clang 0.2.1 183.80 NOTE
r-devel-linux-x86_64-fedora-gcc 0.2.1 161.81 OK
r-devel-windows-ix86+x86_64 0.2.1 256.00 62.00 318.00 OK
r-patched-linux-x86_64 0.2.1 82.44 24.86 107.30 OK
r-patched-osx-x86_64 0.2.1 NOTE
r-patched-solaris-x86 0.2.1 151.20 OK
r-release-linux-x86_64 0.2.1 80.17 22.87 103.04 OK
r-release-windows-ix86+x86_64 0.2.1 223.00 50.00 273.00 OK
r-release-osx-x86_64 0.2.1 NOTE
r-oldrel-windows-ix86+x86_64 0.2.1 137.00 69.00 206.00 OK
r-oldrel-osx-x86_64 0.2.1 NOTE

Check Details

Version: 0.2.1
Check: installed package size
Result: NOTE
     installed size is 15.4Mb
     sub-directories of 1Mb or more:
     libs 15.3Mb
Flavors: r-devel-linux-x86_64-fedora-clang, r-patched-osx-x86_64, r-release-osx-x86_64, r-oldrel-osx-x86_64