CRAN Package Check Results for Package RYoudaoTranslate

Last updated on 2020-04-25 01:53:16 CEST.

Flavor Version Tinstall Tcheck Ttotal Status Flags
r-devel-linux-x86_64-debian-clang 1.0 2.63 25.08 27.71 NOTE
r-devel-linux-x86_64-debian-gcc 1.0 2.04 20.14 22.18 NOTE
r-devel-linux-x86_64-fedora-clang 1.0 34.46 NOTE
r-devel-linux-x86_64-fedora-gcc 1.0 33.82 NOTE
r-devel-windows-ix86+x86_64 1.0 8.00 42.00 50.00 NOTE
r-patched-linux-x86_64 1.0 2.70 24.52 27.22 NOTE
r-patched-osx-x86_64 1.0 NOTE
r-patched-solaris-x86 1.0 55.00 NOTE
r-release-linux-x86_64 1.0 2.18 22.69 24.87 NOTE
r-release-windows-ix86+x86_64 1.0 6.00 39.00 45.00 NOTE
r-release-osx-x86_64 1.0 NOTE
r-oldrel-windows-ix86+x86_64 1.0 2.00 37.00 39.00 NOTE
r-oldrel-osx-x86_64 1.0 NOTE

Check Details

Version: 1.0
Check: DESCRIPTION meta-information
Result: NOTE
    Malformed Title field: should not end in a period.
Flavors: r-devel-linux-x86_64-debian-clang, r-devel-linux-x86_64-debian-gcc, r-devel-linux-x86_64-fedora-clang, r-devel-linux-x86_64-fedora-gcc, r-devel-windows-ix86+x86_64, r-patched-linux-x86_64, r-patched-osx-x86_64, r-patched-solaris-x86, r-release-linux-x86_64, r-release-windows-ix86+x86_64, r-release-osx-x86_64, r-oldrel-windows-ix86+x86_64, r-oldrel-osx-x86_64