CRAN Package Check Results for Package RWsearch

Last updated on 2020-04-25 01:53:16 CEST.

Flavor Version Tinstall Tcheck Ttotal Status Flags
r-devel-linux-x86_64-debian-clang 4.8.0 7.45 57.41 64.86 OK
r-devel-linux-x86_64-debian-gcc 4.8.0 5.86 45.62 51.48 OK
r-devel-linux-x86_64-fedora-clang 4.8.0 87.61 OK
r-devel-linux-x86_64-fedora-gcc 4.8.0 84.46 OK
r-devel-windows-ix86+x86_64 4.7.0 19.00 72.00 91.00 OK
r-patched-linux-x86_64 4.8.0 6.73 56.92 63.65 OK
r-patched-osx-x86_64 4.7.0 WARN
r-patched-solaris-x86 4.8.0 105.00 OK
r-release-linux-x86_64 4.8.0 5.66 51.99 57.65 OK
r-release-windows-ix86+x86_64 4.8.0 16.00 90.00 106.00 OK
r-release-osx-x86_64 4.8.0 OK
r-oldrel-windows-ix86+x86_64 4.8.0 8.00 65.00 73.00 OK
r-oldrel-osx-x86_64 4.7.0 OK

Check Details

Version: 4.7.0
Check: re-building of vignette outputs
Result: WARN
    Error(s) in re-building vignettes:
    --- re-building ‘RWsearch-1-Introduction.Rmd’ using rmarkdown
    dyld: lazy symbol binding failed: Symbol not found: ____chkstk_darwin
     Referenced from: /usr/local/bin/pandoc (which was built for Mac OS X 10.15)
     Expected in: /usr/lib/libSystem.B.dylib
    
    dyld: Symbol not found: ____chkstk_darwin
     Referenced from: /usr/local/bin/pandoc (which was built for Mac OS X 10.15)
     Expected in: /usr/lib/libSystem.B.dylib
    
    Error: processing vignette 'RWsearch-1-Introduction.Rmd' failed with diagnostics:
    pandoc document conversion failed with error 6
    --- failed re-building ‘RWsearch-1-Introduction.Rmd’
    
    --- re-building ‘RWsearch-2-Print-Download-Doc.Rmd’ using rmarkdown
    dyld: lazy symbol binding failed: Symbol not found: ____chkstk_darwin
     Referenced from: /usr/local/bin/pandoc (which was built for Mac OS X 10.15)
     Expected in: /usr/lib/libSystem.B.dylib
    
    dyld: Symbol not found: ____chkstk_darwin
     Referenced from: /usr/local/bin/pandoc (which was built for Mac OS X 10.15)
     Expected in: /usr/lib/libSystem.B.dylib
    
    Error: processing vignette 'RWsearch-2-Print-Download-Doc.Rmd' failed with diagnostics:
    pandoc document conversion failed with error 6
    --- failed re-building ‘RWsearch-2-Print-Download-Doc.Rmd’
    
    --- re-building ‘RWsearch-3-TaskViews.Rmd’ using rmarkdown
    dyld: lazy symbol binding failed: Symbol not found: ____chkstk_darwin
     Referenced from: /usr/local/bin/pandoc (which was built for Mac OS X 10.15)
     Expected in: /usr/lib/libSystem.B.dylib
    
    dyld: Symbol not found: ____chkstk_darwin
     Referenced from: /usr/local/bin/pandoc (which was built for Mac OS X 10.15)
     Expected in: /usr/lib/libSystem.B.dylib
    
    Error: processing vignette 'RWsearch-3-TaskViews.Rmd' failed with diagnostics:
    pandoc document conversion failed with error 6
    --- failed re-building ‘RWsearch-3-TaskViews.Rmd’
    
    --- re-building ‘RWsearch-4-Web-search-engines.Rmd’ using rmarkdown
    dyld: lazy symbol binding failed: Symbol not found: ____chkstk_darwin
     Referenced from: /usr/local/bin/pandoc (which was built for Mac OS X 10.15)
     Expected in: /usr/lib/libSystem.B.dylib
    
    dyld: Symbol not found: ____chkstk_darwin
     Referenced from: /usr/local/bin/pandoc (which was built for Mac OS X 10.15)
     Expected in: /usr/lib/libSystem.B.dylib
    
    Error: processing vignette 'RWsearch-4-Web-search-engines.Rmd' failed with diagnostics:
    pandoc document conversion failed with error 6
    --- failed re-building ‘RWsearch-4-Web-search-engines.Rmd’
    
    SUMMARY: processing the following files failed:
     ‘RWsearch-1-Introduction.Rmd’ ‘RWsearch-2-Print-Download-Doc.Rmd’
     ‘RWsearch-3-TaskViews.Rmd’ ‘RWsearch-4-Web-search-engines.Rmd’
    
    Error: Vignette re-building failed.
    Execution halted
Flavor: r-patched-osx-x86_64