CRAN Package Check Results for Package RSpectra

Last updated on 2020-04-25 01:53:16 CEST.

Flavor Version Tinstall Tcheck Ttotal Status Flags
r-devel-linux-x86_64-debian-clang 0.16-0 196.05 64.53 260.58 OK
r-devel-linux-x86_64-debian-gcc 0.16-0 167.69 54.76 222.45 OK
r-devel-linux-x86_64-fedora-clang 0.16-0 349.68 NOTE
r-devel-linux-x86_64-fedora-gcc 0.16-0 383.29 OK
r-devel-windows-ix86+x86_64 0.16-0 399.00 116.00 515.00 OK
r-patched-linux-x86_64 0.16-0 195.50 69.01 264.51 OK
r-patched-osx-x86_64 0.16-0 WARN
r-patched-solaris-x86 0.16-0 321.20 OK
r-release-linux-x86_64 0.16-0 188.49 61.50 249.99 OK
r-release-windows-ix86+x86_64 0.16-0 358.00 130.00 488.00 OK
r-release-osx-x86_64 0.16-0 NOTE
r-oldrel-windows-ix86+x86_64 0.16-0 269.00 113.00 382.00 OK
r-oldrel-osx-x86_64 0.16-0 NOTE

Check Details

Version: 0.16-0
Check: installed package size
Result: NOTE
     installed size is 47.2Mb
     sub-directories of 1Mb or more:
     libs 46.5Mb
Flavors: r-devel-linux-x86_64-fedora-clang, r-patched-osx-x86_64, r-release-osx-x86_64, r-oldrel-osx-x86_64

Version: 0.16-0
Check: re-building of vignette outputs
Result: WARN
    Error(s) in re-building vignettes:
     ...
    --- re-building ‘introduction.Rmd’ using rmarkdown
    dyld: lazy symbol binding failed: Symbol not found: ____chkstk_darwin
     Referenced from: /usr/local/bin/pandoc (which was built for Mac OS X 10.15)
     Expected in: /usr/lib/libSystem.B.dylib
    
    dyld: Symbol not found: ____chkstk_darwin
     Referenced from: /usr/local/bin/pandoc (which was built for Mac OS X 10.15)
     Expected in: /usr/lib/libSystem.B.dylib
    
    Error: processing vignette 'introduction.Rmd' failed with diagnostics:
    pandoc document conversion failed with error 6
    --- failed re-building ‘introduction.Rmd’
    
    SUMMARY: processing the following file failed:
     ‘introduction.Rmd’
    
    Error: Vignette re-building failed.
    Execution halted
Flavor: r-patched-osx-x86_64