CRAN Package Check Results for Package RSQL

Last updated on 2020-04-25 01:53:16 CEST.

Flavor Version Tinstall Tcheck Ttotal Status Flags
r-devel-linux-x86_64-debian-clang 0.1.1 4.92 37.52 42.44 OK
r-devel-linux-x86_64-debian-gcc 0.1.1 4.05 30.45 34.50 OK
r-devel-linux-x86_64-fedora-clang 0.1.1 53.06 NOTE
r-devel-linux-x86_64-fedora-gcc 0.1.1 51.71 NOTE
r-devel-windows-ix86+x86_64 0.1.1 12.00 52.00 64.00 OK
r-patched-linux-x86_64 0.1.1 4.62 37.11 41.73 OK
r-patched-osx-x86_64 0.1.1 WARN
r-patched-solaris-x86 0.1.1 77.40 NOTE
r-release-linux-x86_64 0.1.1 4.14 34.43 38.57 OK
r-release-windows-ix86+x86_64 0.1.1 11.00 61.00 72.00 OK
r-release-osx-x86_64 0.1.1 NOTE
r-oldrel-windows-ix86+x86_64 0.1.1 5.00 58.00 63.00 OK
r-oldrel-osx-x86_64 0.1.1 NOTE

Check Details

Version: 0.1.1
Check: dependencies in R code
Result: NOTE
    Namespace in Imports field not imported from: ‘RSQLite’
     All declared Imports should be used.
Flavors: r-devel-linux-x86_64-fedora-clang, r-devel-linux-x86_64-fedora-gcc, r-patched-osx-x86_64, r-patched-solaris-x86, r-release-osx-x86_64, r-oldrel-osx-x86_64

Version: 0.1.1
Check: re-building of vignette outputs
Result: WARN
    Error(s) in re-building vignettes:
     ...
    --- re-building ‘rsql.Rmd’ using rmarkdown
    dyld: lazy symbol binding failed: Symbol not found: ____chkstk_darwin
     Referenced from: /usr/local/bin/pandoc (which was built for Mac OS X 10.15)
     Expected in: /usr/lib/libSystem.B.dylib
    
    dyld: Symbol not found: ____chkstk_darwin
     Referenced from: /usr/local/bin/pandoc (which was built for Mac OS X 10.15)
     Expected in: /usr/lib/libSystem.B.dylib
    
    Error: processing vignette 'rsql.Rmd' failed with diagnostics:
    pandoc document conversion failed with error 6
    --- failed re-building ‘rsql.Rmd’
    
    SUMMARY: processing the following file failed:
     ‘rsql.Rmd’
    
    Error: Vignette re-building failed.
    Execution halted
Flavor: r-patched-osx-x86_64