CRAN Package Check Results for Package RSDA

Last updated on 2020-04-25 01:53:16 CEST.

Flavor Version Tinstall Tcheck Ttotal Status Flags
r-devel-linux-x86_64-debian-clang 3.0.3 18.02 232.24 250.26 OK
r-devel-linux-x86_64-debian-gcc 3.0.3 16.09 173.85 189.94 OK
r-devel-linux-x86_64-fedora-clang 3.0.3 287.37 NOTE
r-devel-linux-x86_64-fedora-gcc 3.0.3 294.24 NOTE
r-devel-windows-ix86+x86_64 3.0.3 53.00 237.00 290.00 OK
r-patched-linux-x86_64 3.0.3 15.03 222.22 237.25 OK
r-patched-osx-x86_64 3.0.3 NOTE
r-patched-solaris-x86 3.0.3 373.80 NOTE
r-release-linux-x86_64 3.0.3 14.12 201.27 215.39 OK
r-release-windows-ix86+x86_64 3.0.3 47.00 308.00 355.00 OK
r-release-osx-x86_64 3.0.3 NOTE
r-oldrel-windows-ix86+x86_64 3.0.3 19.00 183.00 202.00 OK
r-oldrel-osx-x86_64 3.0.1 OK

Check Details

Version: 3.0.3
Check: package dependencies
Result: NOTE
    Imports includes 22 non-default packages.
    Importing from so many packages makes the package vulnerable to any of
    them becoming unavailable. Move as many as possible to Suggests and
    use conditionally.
Flavor: r-devel-linux-x86_64-fedora-clang

Version: 3.0.3
Check: dependencies in R code
Result: NOTE
    Namespaces in Imports field not imported from:
     ‘labelled’ ‘randomcoloR’
     All declared Imports should be used.
Flavors: r-devel-linux-x86_64-fedora-clang, r-devel-linux-x86_64-fedora-gcc, r-patched-osx-x86_64, r-patched-solaris-x86, r-release-osx-x86_64