CRAN Package Check Results for Package RRphylo

Last updated on 2020-04-25 01:53:16 CEST.

Flavor Version Tinstall Tcheck Ttotal Status Flags
r-devel-linux-x86_64-debian-clang 2.4.4 27.83 156.65 184.48 OK
r-devel-linux-x86_64-debian-gcc 2.4.4 24.57 123.31 147.88 OK
r-devel-linux-x86_64-fedora-clang 2.4.4 233.65 NOTE
r-devel-linux-x86_64-fedora-gcc 2.4.4 230.89 OK
r-devel-windows-ix86+x86_64 2.4.4 66.00 173.00 239.00 OK
r-patched-linux-x86_64 2.4.4 26.72 155.72 182.44 OK
r-patched-osx-x86_64 2.4.4 OK
r-patched-solaris-x86 2.4.4 310.80 OK
r-release-linux-x86_64 2.4.4 24.21 142.75 166.96 OK
r-release-windows-ix86+x86_64 2.4.4 61.00 201.00 262.00 OK
r-release-osx-x86_64 2.4.4 WARN
r-oldrel-windows-ix86+x86_64 2.0.3 53.00 153.00 206.00 OK
r-oldrel-osx-x86_64 2.4.0 ERROR

Check Details

Version: 2.4.4
Check: package dependencies
Result: NOTE
    Imports includes 22 non-default packages.
    Importing from so many packages makes the package vulnerable to any of
    them becoming unavailable. Move as many as possible to Suggests and
    use conditionally.
Flavor: r-devel-linux-x86_64-fedora-clang

Version: 2.4.4
Check: whether package can be installed
Result: WARN
    Found the following significant warnings:
     Warning: 'rgl.init' failed, running with 'rgl.useNULL = TRUE'.
Flavor: r-release-osx-x86_64

Version: 2.4.0
Check: whether package can be installed
Result: ERROR
    Installation failed.
Flavor: r-oldrel-osx-x86_64