Last updated on 2020-04-25 01:53:16 CEST.
Flavor | Version | Tinstall | Tcheck | Ttotal | Status | Flags |
---|---|---|---|---|---|---|
r-devel-linux-x86_64-debian-clang | 1.0.1 | 7.29 | 102.72 | 110.01 | OK | |
r-devel-linux-x86_64-debian-gcc | 1.0.1 | 6.93 | 75.76 | 82.69 | OK | |
r-devel-linux-x86_64-fedora-clang | 1.0.1 | 127.99 | NOTE | |||
r-devel-linux-x86_64-fedora-gcc | 1.0.1 | 128.92 | NOTE | |||
r-devel-windows-ix86+x86_64 | 1.0.1 | 26.00 | 110.00 | 136.00 | OK | |
r-patched-linux-x86_64 | 1.0.1 | 8.04 | 98.22 | 106.26 | OK | |
r-patched-osx-x86_64 | 1.0.1 | NOTE | ||||
r-patched-solaris-x86 | 1.0.1 | 177.20 | NOTE | |||
r-release-linux-x86_64 | 1.0.1 | 6.67 | 88.55 | 95.22 | OK | |
r-release-windows-ix86+x86_64 | 1.0.1 | 20.00 | 130.00 | 150.00 | OK | |
r-release-osx-x86_64 | 1.0.1 | NOTE | ||||
r-oldrel-windows-ix86+x86_64 | 1.0.1 | 7.00 | 118.00 | 125.00 | OK | |
r-oldrel-osx-x86_64 | 1.0.1 | NOTE |
Version: 1.0.1
Check: dependencies in R code
Result: NOTE
Namespaces in Imports field not imported from:
‘ape’ ‘igraph’
All declared Imports should be used.
Flavors: r-devel-linux-x86_64-fedora-clang, r-devel-linux-x86_64-fedora-gcc, r-patched-osx-x86_64, r-patched-solaris-x86, r-release-osx-x86_64, r-oldrel-osx-x86_64