CRAN Package Check Results for Package ROI.plugin.optimx

Last updated on 2020-04-25 01:53:16 CEST.

Flavor Version Tinstall Tcheck Ttotal Status Flags
r-devel-linux-x86_64-debian-clang 0.3-2 2.15 26.16 28.31 NOTE
r-devel-linux-x86_64-debian-gcc 0.3-2 1.82 20.84 22.66 NOTE
r-devel-linux-x86_64-fedora-clang 0.3-2 37.91 NOTE
r-devel-linux-x86_64-fedora-gcc 0.3-2 116.71 NOTE
r-devel-windows-ix86+x86_64 0.3-2 10.00 38.00 48.00 OK
r-patched-linux-x86_64 0.3-2 2.27 25.99 28.26 NOTE
r-patched-osx-x86_64 0.3-2 OK
r-patched-solaris-x86 0.3-2 54.30 NOTE
r-release-linux-x86_64 0.3-2 1.65 24.03 25.68 NOTE
r-release-windows-ix86+x86_64 0.3-2 8.00 56.00 64.00 OK
r-release-osx-x86_64 0.3-2 OK
r-oldrel-windows-ix86+x86_64 0.3-2 2.00 36.00 38.00 OK
r-oldrel-osx-x86_64 0.3-2 OK

Check Details

Version: 0.3-2
Check: package dependencies
Result: NOTE
    Package suggested but not available for checking: 'lbfgsb3'
Flavors: r-devel-linux-x86_64-debian-clang, r-devel-linux-x86_64-debian-gcc, r-devel-linux-x86_64-fedora-clang, r-devel-linux-x86_64-fedora-gcc, r-patched-linux-x86_64, r-patched-solaris-x86, r-release-linux-x86_64