CRAN Package Check Results for Package RNifti

Last updated on 2020-04-25 01:53:15 CEST.

Flavor Version Tinstall Tcheck Ttotal Status Flags
r-devel-linux-x86_64-debian-clang 1.1.0 30.87 34.67 65.54 OK
r-devel-linux-x86_64-debian-gcc 1.1.0 28.33 27.55 55.88 OK
r-devel-linux-x86_64-fedora-clang 1.1.0 88.90 NOTE
r-devel-linux-x86_64-fedora-gcc 1.1.0 93.17 OK
r-devel-windows-ix86+x86_64 1.1.0 94.00 80.00 174.00 NOTE
r-patched-linux-x86_64 1.1.0 29.82 34.18 64.00 OK
r-patched-osx-x86_64 1.1.0 NOTE
r-patched-solaris-x86 1.1.0 110.60 OK
r-release-linux-x86_64 1.1.0 29.68 32.01 61.69 OK
r-release-windows-ix86+x86_64 1.1.0 103.00 93.00 196.00 OK
r-release-osx-x86_64 1.1.0 NOTE
r-oldrel-windows-ix86+x86_64 1.1.0 70.00 85.00 155.00 OK
r-oldrel-osx-x86_64 1.1.0 NOTE

Check Details

Version: 1.1.0
Check: installed package size
Result: NOTE
     installed size is 6.2Mb
     sub-directories of 1Mb or more:
     doxygen 1.6Mb
     libs 3.6Mb
Flavors: r-devel-linux-x86_64-fedora-clang, r-devel-windows-ix86+x86_64, r-patched-osx-x86_64, r-release-osx-x86_64, r-oldrel-osx-x86_64