CRAN Package Check Results for Package RNewsflow

Last updated on 2020-04-25 01:53:15 CEST.

Flavor Version Tinstall Tcheck Ttotal Status Flags
r-devel-linux-x86_64-debian-clang 1.2.3 96.91 108.63 205.54 OK
r-devel-linux-x86_64-debian-gcc 1.2.3 63.91 84.62 148.53 OK
r-devel-linux-x86_64-fedora-clang 1.2.3 263.75 NOTE
r-devel-linux-x86_64-fedora-gcc 1.2.3 245.63 OK
r-devel-windows-ix86+x86_64 1.2.3 258.00 178.00 436.00 OK
r-patched-linux-x86_64 1.2.3 79.02 104.68 183.70 OK
r-patched-osx-x86_64 1.2.3 WARN
r-patched-solaris-x86 1.2.3 296.90 OK
r-release-linux-x86_64 1.2.3 74.98 96.37 171.35 OK
r-release-windows-ix86+x86_64 1.2.3 215.00 200.00 415.00 OK
r-release-osx-x86_64 1.2.3 OK
r-oldrel-windows-ix86+x86_64 1.2.3 140.00 168.00 308.00 OK
r-oldrel-osx-x86_64 1.2.3 OK

Check Details

Version: 1.2.3
Check: installed package size
Result: NOTE
     installed size is 5.2Mb
     sub-directories of 1Mb or more:
     libs 4.4Mb
Flavor: r-devel-linux-x86_64-fedora-clang

Version: 1.2.3
Check: re-building of vignette outputs
Result: WARN
    Error(s) in re-building vignettes:
    --- re-building ‘RNewsflow.Rmd’ using rmarkdown
    Package version: 2.0.1
    Parallel computing: 2 of 6 threads used.
    See https://quanteda.io for tutorials and examples.
    
    Attaching package: 'quanteda'
    
    The following object is masked from 'package:utils':
    
     View
    
    Loading required package: igraph
    
    Attaching package: 'igraph'
    
    The following object is masked from 'package:quanteda':
    
     as.igraph
    
    The following objects are masked from 'package:stats':
    
     decompose, spectrum
    
    The following object is masked from 'package:base':
    
     union
    
    Loading required package: tm
    Loading required package: NLP
    
    Attaching package: 'NLP'
    
    The following objects are masked from 'package:quanteda':
    
     meta, meta<-
    
    
    Attaching package: 'tm'
    
    The following objects are masked from 'package:quanteda':
    
     as.DocumentTermMatrix, stopwords
    
    Loading required package: Matrix
    Dropped 30 rows from dtm that do not have a complete window:
     dtm date range: 2013-05-31 20:33:00 - 2013-06-30 16:48:00
     comparison window range: 2013-05-31 20:33:00 - 2013-06-29 04:48:00
    dyld: lazy symbol binding failed: Symbol not found: ____chkstk_darwin
     Referenced from: /usr/local/bin/pandoc (which was built for Mac OS X 10.15)
     Expected in: /usr/lib/libSystem.B.dylib
    
    dyld: Symbol not found: ____chkstk_darwin
     Referenced from: /usr/local/bin/pandoc (which was built for Mac OS X 10.15)
     Expected in: /usr/lib/libSystem.B.dylib
    
    Error: processing vignette 'RNewsflow.Rmd' failed with diagnostics:
    pandoc document conversion failed with error 6
    --- failed re-building ‘RNewsflow.Rmd’
    
    SUMMARY: processing the following file failed:
     ‘RNewsflow.Rmd’
    
    Error: Vignette re-building failed.
    Execution halted
Flavor: r-patched-osx-x86_64