CRAN Package Check Results for Package RNAseqNet

Last updated on 2020-04-25 01:53:15 CEST.

Flavor Version Tinstall Tcheck Ttotal Status Flags
r-devel-linux-x86_64-debian-clang 0.1.3 11.05 99.14 110.19 OK
r-devel-linux-x86_64-debian-gcc 0.1.3 8.91 75.86 84.77 OK
r-devel-linux-x86_64-fedora-clang 0.1.3 129.84 OK
r-devel-linux-x86_64-fedora-gcc 0.1.3 130.54 OK
r-devel-windows-ix86+x86_64 0.1.3 30.00 115.00 145.00 OK
r-patched-linux-x86_64 0.1.3 10.31 93.79 104.10 OK
r-patched-osx-x86_64 0.1.3 WARN
r-patched-solaris-x86 0.1.3 200.00 OK
r-release-linux-x86_64 0.1.3 9.45 87.64 97.09 OK
r-release-windows-ix86+x86_64 0.1.3 28.00 134.00 162.00 OK
r-release-osx-x86_64 0.1.3 OK
r-oldrel-windows-ix86+x86_64 0.1.3 11.00 113.00 124.00 OK
r-oldrel-osx-x86_64 0.1.3 OK

Check Details

Version: 0.1.3
Check: re-building of vignette outputs
Result: WARN
    Error(s) in re-building vignettes:
     ...
    --- re-building ‘RNAseqNet.Rmd’ using rmarkdown
    dyld: lazy symbol binding failed: Symbol not found: ____chkstk_darwin
     Referenced from: /usr/local/bin/pandoc (which was built for Mac OS X 10.15)
     Expected in: /usr/lib/libSystem.B.dylib
    
    dyld: Symbol not found: ____chkstk_darwin
     Referenced from: /usr/local/bin/pandoc (which was built for Mac OS X 10.15)
     Expected in: /usr/lib/libSystem.B.dylib
    
    Error: processing vignette 'RNAseqNet.Rmd' failed with diagnostics:
    pandoc document conversion failed with error 6
    --- failed re-building ‘RNAseqNet.Rmd’
    
    SUMMARY: processing the following file failed:
     ‘RNAseqNet.Rmd’
    
    Error: Vignette re-building failed.
    Execution halted
Flavor: r-patched-osx-x86_64