CRAN Package Check Results for Package RMKL

Last updated on 2020-04-25 01:53:15 CEST.

Flavor Version Tinstall Tcheck Ttotal Status Flags
r-devel-linux-x86_64-debian-clang 1.0 52.44 50.36 102.80 OK
r-devel-linux-x86_64-debian-gcc 1.0 35.02 39.45 74.47 OK
r-devel-linux-x86_64-fedora-clang 1.0 138.83 NOTE
r-devel-linux-x86_64-fedora-gcc 1.0 126.17 NOTE
r-devel-windows-ix86+x86_64 1.0 121.00 111.00 232.00 OK
r-patched-linux-x86_64 1.0 41.57 48.76 90.33 OK
r-patched-osx-x86_64 1.0 NOTE
r-patched-solaris-x86 1.0 144.90 NOTE
r-release-linux-x86_64 1.0 42.58 48.13 90.71 OK
r-release-windows-ix86+x86_64 1.0 107.00 128.00 235.00 OK
r-release-osx-x86_64 1.0 NOTE
r-oldrel-windows-ix86+x86_64 1.0 77.00 104.00 181.00 OK
r-oldrel-osx-x86_64 1.0 NOTE

Additional issues

valgrind

Check Details

Version: 1.0
Check: dependencies in R code
Result: NOTE
    Namespace in Imports field not imported from: ‘e1071’
     All declared Imports should be used.
Flavors: r-devel-linux-x86_64-fedora-clang, r-devel-linux-x86_64-fedora-gcc, r-patched-osx-x86_64, r-patched-solaris-x86, r-release-osx-x86_64, r-oldrel-osx-x86_64