CRAN Package Check Results for Package RKEEL

Last updated on 2020-04-25 01:53:15 CEST.

Flavor Version Tinstall Tcheck Ttotal Status Flags
r-devel-linux-x86_64-debian-clang 1.3.2 0.80 2.32 3.12 ERROR
r-devel-linux-x86_64-debian-gcc 1.3.2 81.71 69.53 151.24 OK
r-devel-linux-x86_64-fedora-clang 1.3.2 264.03 NOTE
r-devel-linux-x86_64-fedora-gcc 1.3.2 263.61 NOTE
r-devel-windows-ix86+x86_64 1.3.2 161.00 124.00 285.00 OK
r-patched-linux-x86_64 1.3.2 100.44 87.57 188.01 OK
r-patched-osx-x86_64 1.3.2 NOTE
r-release-linux-x86_64 1.3.2 77.03 84.72 161.75 OK
r-release-windows-ix86+x86_64 1.3.2 139.00 159.00 298.00 OK
r-release-osx-x86_64 1.3.2 NOTE
r-oldrel-windows-ix86+x86_64 1.3.2 79.00 107.00 186.00 OK
r-oldrel-osx-x86_64 1.3.2 NOTE

Check Details

Version: 1.3.2
Check: package dependencies
Result: ERROR
    Package required but not available: 'RKEELjars'
    
    See section 'The DESCRIPTION file' in the 'Writing R Extensions'
    manual.
Flavor: r-devel-linux-x86_64-debian-clang

Version: 1.3.2
Check: dependencies in R code
Result: NOTE
    Namespaces in Imports field not imported from:
     ‘Matrix’ ‘arules’ ‘pmml’ ‘rJava’
     All declared Imports should be used.
Flavors: r-devel-linux-x86_64-fedora-clang, r-devel-linux-x86_64-fedora-gcc, r-patched-osx-x86_64, r-release-osx-x86_64, r-oldrel-osx-x86_64