Last updated on 2020-04-25 01:53:15 CEST.
Flavor | Version | Tinstall | Tcheck | Ttotal | Status | Flags |
---|---|---|---|---|---|---|
r-devel-linux-x86_64-debian-clang | 1.3 | 20.31 | 30.26 | 50.57 | OK | |
r-devel-linux-x86_64-debian-gcc | 1.3 | 12.44 | 24.27 | 36.71 | OK | |
r-devel-linux-x86_64-fedora-clang | 1.3 | 68.80 | NOTE | |||
r-devel-linux-x86_64-fedora-gcc | 1.3 | 63.10 | NOTE | |||
r-devel-windows-ix86+x86_64 | 1.3 | 56.00 | 65.00 | 121.00 | OK | |
r-patched-linux-x86_64 | 1.3 | 14.29 | 30.20 | 44.49 | OK | |
r-patched-osx-x86_64 | 1.3 | OK | ||||
r-patched-solaris-x86 | 1.3 | 86.10 | OK | |||
r-release-linux-x86_64 | 1.3 | 14.25 | 28.86 | 43.11 | OK | |
r-release-windows-ix86+x86_64 | 1.3 | 54.00 | 70.00 | 124.00 | OK | |
r-release-osx-x86_64 | 1.3 | OK | ||||
r-oldrel-windows-ix86+x86_64 | 1.3 | 33.00 | 74.00 | 107.00 | OK | |
r-oldrel-osx-x86_64 | 1.3 | OK |
Version: 1.3
Check: compiled code
Result: NOTE
File ‘RI2by2/libs/RI2by2.so’:
Found no calls to: ‘R_registerRoutines’, ‘R_useDynamicSymbols’
It is good practice to register native routines and to disable symbol
search.
See ‘Writing portable packages’ in the ‘Writing R Extensions’ manual.
Flavors: r-devel-linux-x86_64-fedora-clang, r-devel-linux-x86_64-fedora-gcc