CRAN Package Check Results for Package RHRV

Last updated on 2020-04-25 01:53:15 CEST.

Flavor Version Tinstall Tcheck Ttotal Status Flags
r-devel-linux-x86_64-debian-clang 4.2.5 20.99 115.34 136.33 OK
r-devel-linux-x86_64-debian-gcc 4.2.5 15.43 90.64 106.07 OK
r-devel-linux-x86_64-fedora-clang 4.2.5 162.88 OK
r-devel-linux-x86_64-fedora-gcc 4.2.5 167.40 OK
r-devel-windows-ix86+x86_64 4.2.5 53.00 144.00 197.00 OK
r-patched-linux-x86_64 4.2.5 17.51 114.69 132.20 OK
r-patched-osx-x86_64 4.2.5 WARN
r-patched-solaris-x86 4.2.5 271.50 OK
r-release-linux-x86_64 4.2.5 17.72 107.62 125.34 OK
r-release-windows-ix86+x86_64 4.2.5 40.00 177.00 217.00 OK
r-release-osx-x86_64 4.2.5 WARN
r-oldrel-windows-ix86+x86_64 4.2.5 19.00 147.00 166.00 OK
r-oldrel-osx-x86_64 4.2.5 WARN

Check Details

Version: 4.2.5
Check: re-building of vignette outputs
Result: WARN
    Error(s) in re-building vignettes:
    --- re-building ‘RHRV-quickstart.Rmd’ using rmarkdown
    Loading required package: tcltk
    Loading required package: tkrplot
    Loading required package: waveslim
    
    waveslim: Wavelet Method for 1/2/3D Signals (version = 1.8.2)
    
    Loading required package: nonlinearTseries
    
    Attaching package: 'nonlinearTseries'
    
    The following object is masked from 'package:grDevices':
    
     contourLines
    
    Loading required package: lomb
    dyld: lazy symbol binding failed: Symbol not found: ____chkstk_darwin
     Referenced from: /usr/local/bin/pandoc (which was built for Mac OS X 10.15)
     Expected in: /usr/lib/libSystem.B.dylib
    
    dyld: Symbol not found: ____chkstk_darwin
     Referenced from: /usr/local/bin/pandoc (which was built for Mac OS X 10.15)
     Expected in: /usr/lib/libSystem.B.dylib
    
    Error: processing vignette 'RHRV-quickstart.Rmd' failed with diagnostics:
    pandoc document conversion failed with error 6
    --- failed re-building ‘RHRV-quickstart.Rmd’
    
    SUMMARY: processing the following file failed:
     ‘RHRV-quickstart.Rmd’
    
    Error: Vignette re-building failed.
    Execution halted
Flavor: r-patched-osx-x86_64

Version: 4.2.5
Check: whether package can be installed
Result: WARN
    Found the following significant warnings:
     Warning: loading Rplot failed
     Warning: 'rgl_init' failed, running with rgl.useNULL = TRUE
Flavors: r-release-osx-x86_64, r-oldrel-osx-x86_64

Version: 4.2.5
Check: dependencies in R code
Result: NOTE
    No protocol specified
    No protocol specified
    No protocol specified
    No protocol specified
    No protocol specified
Flavors: r-release-osx-x86_64, r-oldrel-osx-x86_64

Version: 4.2.5
Check: S3 generic/method consistency
Result: WARN
    No protocol specified
    No protocol specified
    No protocol specified
    No protocol specified
    No protocol specified
    See section ‘Generic functions and methods’ in the ‘Writing R
    Extensions’ manual.
Flavors: r-release-osx-x86_64, r-oldrel-osx-x86_64

Version: 4.2.5
Check: replacement functions
Result: WARN
    No protocol specified
    No protocol specified
    No protocol specified
    No protocol specified
    No protocol specified
    The argument of a replacement function which corresponds to the right
    hand side must be named ‘value’.
Flavors: r-release-osx-x86_64, r-oldrel-osx-x86_64

Version: 4.2.5
Check: foreign function calls
Result: NOTE
    No protocol specified
    No protocol specified
    No protocol specified
    No protocol specified
    No protocol specified
    See chapter ‘System and foreign language interfaces’ in the ‘Writing R
    Extensions’ manual.
Flavors: r-release-osx-x86_64, r-oldrel-osx-x86_64

Version: 4.2.5
Check: R code for possible problems
Result: NOTE
    No protocol specified
    No protocol specified
    No protocol specified
    No protocol specified
    No protocol specified
Flavors: r-release-osx-x86_64, r-oldrel-osx-x86_64

Version: 4.2.5
Check: for missing documentation entries
Result: WARN
    No protocol specified
    No protocol specified
    No protocol specified
    No protocol specified
    No protocol specified
    All user-level objects in a package should have documentation entries.
    See chapter ‘Writing R documentation files’ in the ‘Writing R
    Extensions’ manual.
Flavors: r-release-osx-x86_64, r-oldrel-osx-x86_64

Version: 4.2.5
Check: for code/documentation mismatches
Result: WARN
    No protocol specified
    No protocol specified
    No protocol specified
    No protocol specified
    No protocol specified
    No protocol specified
    No protocol specified
    No protocol specified
    No protocol specified
    No protocol specified
    No protocol specified
    No protocol specified
    No protocol specified
    No protocol specified
    No protocol specified
Flavors: r-release-osx-x86_64, r-oldrel-osx-x86_64

Version: 4.2.5
Check: Rd \usage sections
Result: NOTE
    No protocol specified
    No protocol specified
    No protocol specified
    No protocol specified
    No protocol specified
    The \usage entries for S3 methods should use the \method markup and not
    their full name.
    See chapter ‘Writing R documentation files’ in the ‘Writing R
    Extensions’ manual.
Flavors: r-release-osx-x86_64, r-oldrel-osx-x86_64