Last updated on 2020-04-25 01:53:15 CEST.
Flavor | Version | Tinstall | Tcheck | Ttotal | Status | Flags |
---|---|---|---|---|---|---|
r-devel-linux-x86_64-debian-clang | 3.0-1 | 12.51 | 75.46 | 87.97 | OK | |
r-devel-linux-x86_64-debian-gcc | 3.0-1 | 9.36 | 56.03 | 65.39 | OK | |
r-devel-linux-x86_64-fedora-clang | 3.0-1 | 106.94 | OK | |||
r-devel-linux-x86_64-fedora-gcc | 3.0-1 | 105.79 | OK | |||
r-devel-windows-ix86+x86_64 | 3.0-1 | 38.00 | 82.00 | 120.00 | OK | |
r-patched-linux-x86_64 | 3.0-1 | 11.70 | 71.69 | 83.39 | OK | |
r-patched-osx-x86_64 | 3.0-1 | OK | ||||
r-patched-solaris-x86 | 3.0-1 | 147.60 | NOTE | |||
r-release-linux-x86_64 | 3.0-1 | 11.09 | 65.16 | 76.25 | OK | |
r-release-windows-ix86+x86_64 | 3.0-1 | 31.00 | 75.00 | 106.00 | OK | |
r-release-osx-x86_64 | 3.0-1 | OK | ||||
r-oldrel-windows-ix86+x86_64 | 3.0-1 | 13.00 | 86.00 | 99.00 | OK | |
r-oldrel-osx-x86_64 | 2.0-14 | NOTE |
Version: 3.0-1
Check: package dependencies
Result: NOTE
Package suggested but not available for checking: ‘rsvg’
Flavor: r-patched-solaris-x86
Version: 2.0-14
Check: package dependencies
Result: NOTE
Packages suggested but not available for checking:
‘gWidgetsRGtk2’ ‘hyperdraw’ ‘hypergraph’ ‘playwith’ ‘pmg’ ‘rggobi’
‘SVGAnnotation’
Flavor: r-oldrel-osx-x86_64
Version: 2.0-14
Check: installed package size
Result: NOTE
installed size is 9.9Mb
sub-directories of 1Mb or more:
extra 9.4Mb
Flavor: r-oldrel-osx-x86_64