CRAN Package Check Results for Package REDCapExporter

Last updated on 2020-04-25 01:53:15 CEST.

Flavor Version Tinstall Tcheck Ttotal Status Flags
r-devel-linux-x86_64-debian-clang 0.2.0 2.77 45.25 48.02 OK
r-devel-linux-x86_64-debian-gcc 0.2.0 2.10 34.32 36.42 OK
r-devel-linux-x86_64-fedora-clang 0.2.0 57.55 OK
r-devel-linux-x86_64-fedora-gcc 0.2.0 56.83 OK
r-devel-windows-ix86+x86_64 0.2.0 15.00 64.00 79.00 OK
r-patched-linux-x86_64 0.2.0 2.92 43.53 46.45 OK
r-patched-osx-x86_64 0.2.0 WARN
r-patched-solaris-x86 0.2.0 82.30 OK
r-release-linux-x86_64 0.2.0 2.43 41.16 43.59 OK
r-release-windows-ix86+x86_64 0.2.0 8.00 55.00 63.00 OK
r-release-osx-x86_64 0.2.0 OK
r-oldrel-windows-ix86+x86_64 0.2.0 3.00 52.00 55.00 OK
r-oldrel-osx-x86_64 0.2.0 OK

Check Details

Version: 0.2.0
Check: re-building of vignette outputs
Result: WARN
    Error(s) in re-building vignettes:
    --- re-building ‘api.Rmd’ using rmarkdown
    dyld: lazy symbol binding failed: Symbol not found: ____chkstk_darwin
     Referenced from: /usr/local/bin/pandoc (which was built for Mac OS X 10.15)
     Expected in: /usr/lib/libSystem.B.dylib
    
    dyld: Symbol not found: ____chkstk_darwin
     Referenced from: /usr/local/bin/pandoc (which was built for Mac OS X 10.15)
     Expected in: /usr/lib/libSystem.B.dylib
    
    Error: processing vignette 'api.Rmd' failed with diagnostics:
    pandoc document conversion failed with error 6
    --- failed re-building ‘api.Rmd’
    
    --- re-building ‘export.Rmd’ using rmarkdown
    * installing *source* package ‘rcd14465’ ...
    ** using staged installation
    ** R
    ** data
    *** moving datasets to lazyload DB
    ** inst
    ** byte-compile and prepare package for lazy loading
    ** help
    *** installing help indices
    ** building package indices
    ** testing if installed package can be loaded from temporary location
    ** testing if installed package can be loaded from final location
    ** testing if installed package keeps a record of temporary installation path
    * DONE (rcd14465)
    dyld: lazy symbol binding failed: Symbol not found: ____chkstk_darwin
     Referenced from: /usr/local/bin/pandoc (which was built for Mac OS X 10.15)
     Expected in: /usr/lib/libSystem.B.dylib
    
    dyld: Symbol not found: ____chkstk_darwin
     Referenced from: /usr/local/bin/pandoc (which was built for Mac OS X 10.15)
     Expected in: /usr/lib/libSystem.B.dylib
    
    Error: processing vignette 'export.Rmd' failed with diagnostics:
    pandoc document conversion failed with error 6
    --- failed re-building ‘export.Rmd’
    
    SUMMARY: processing the following files failed:
     ‘api.Rmd’ ‘export.Rmd’
    
    Error: Vignette re-building failed.
    Execution halted
Flavor: r-patched-osx-x86_64