CRAN Package Check Results for Package REAT

Last updated on 2020-04-25 01:53:14 CEST.

Flavor Version Tinstall Tcheck Ttotal Status Flags
r-devel-linux-x86_64-debian-clang 3.0.2 6.84 55.57 62.41 OK
r-devel-linux-x86_64-debian-gcc 3.0.2 5.80 43.54 49.34 OK
r-devel-linux-x86_64-fedora-clang 3.0.2 76.76 NOTE
r-devel-linux-x86_64-fedora-gcc 3.0.2 75.76 NOTE
r-devel-windows-ix86+x86_64 3.0.2 14.00 76.00 90.00 OK
r-patched-linux-x86_64 3.0.2 7.44 55.10 62.54 OK
r-patched-osx-x86_64 3.0.2 NOTE
r-patched-solaris-x86 3.0.2 102.10 NOTE
r-release-linux-x86_64 3.0.2 6.00 51.15 57.15 OK
r-release-windows-ix86+x86_64 3.0.2 11.00 66.00 77.00 OK
r-release-osx-x86_64 3.0.2 NOTE
r-oldrel-windows-ix86+x86_64 3.0.2 13.00 53.00 66.00 OK
r-oldrel-osx-x86_64 3.0.2 NOTE

Check Details

Version: 3.0.2
Check: data for non-ASCII characters
Result: NOTE
     Note: found 8 marked UTF-8 strings
Flavors: r-devel-linux-x86_64-fedora-clang, r-devel-linux-x86_64-fedora-gcc, r-patched-osx-x86_64, r-patched-solaris-x86, r-release-osx-x86_64, r-oldrel-osx-x86_64