Last updated on 2020-04-25 01:53:14 CEST.
Flavor | Version | Tinstall | Tcheck | Ttotal | Status | Flags |
---|---|---|---|---|---|---|
r-devel-linux-x86_64-debian-clang | 1.98-1.2 | 17.97 | 41.89 | 59.86 | NOTE | |
r-devel-linux-x86_64-debian-gcc | 1.98-1.2 | 14.16 | 33.45 | 47.61 | NOTE | |
r-devel-linux-x86_64-fedora-clang | 1.98-1.2 | 75.39 | NOTE | |||
r-devel-linux-x86_64-fedora-gcc | 1.98-1.2 | 75.61 | NOTE | |||
r-devel-windows-ix86+x86_64 | 1.98-1.2 | 62.00 | 151.00 | 213.00 | NOTE | |
r-patched-linux-x86_64 | 1.98-1.2 | 17.80 | 42.00 | 59.80 | NOTE | |
r-patched-osx-x86_64 | 1.98-1.2 | NOTE | ||||
r-patched-solaris-x86 | 1.98-1.2 | 89.40 | NOTE | --no-examples | ||
r-release-linux-x86_64 | 1.98-1.2 | 15.87 | 38.97 | 54.84 | NOTE | |
r-release-windows-ix86+x86_64 | 1.98-1.2 | 67.00 | 0.00 | 67.00 | FAIL | |
r-release-osx-x86_64 | 1.98-1.2 | NOTE | ||||
r-oldrel-windows-ix86+x86_64 | 1.98-1.2 | 40.00 | 113.00 | 153.00 | NOTE | |
r-oldrel-osx-x86_64 | 1.98-1.1 | NOTE |
Version: 1.98-1.2
Check: for GNU extensions in Makefiles
Result: NOTE
GNU make is a SystemRequirements.
Flavors: r-devel-linux-x86_64-debian-clang, r-devel-linux-x86_64-debian-gcc, r-devel-linux-x86_64-fedora-clang, r-devel-linux-x86_64-fedora-gcc, r-devel-windows-ix86+x86_64, r-patched-linux-x86_64, r-patched-osx-x86_64, r-release-linux-x86_64, r-release-windows-ix86+x86_64, r-release-osx-x86_64, r-oldrel-windows-ix86+x86_64
Version: 1.98-1.2
Check: installed package size
Result: NOTE
installed size is 6.4Mb
sub-directories of 1Mb or more:
libs 4.4Mb
Flavors: r-devel-windows-ix86+x86_64, r-release-windows-ix86+x86_64, r-oldrel-windows-ix86+x86_64
Version: 1.98-1.2
Flags: --no-examples
Check: for GNU extensions in Makefiles
Result: NOTE
GNU make is a SystemRequirements.
Flavor: r-patched-solaris-x86
Version: 1.98-1.2
Check: running examples for arch ‘i386’
Result: FAIL
Check process probably crashed or hung up for 20 minutes ... killed
Most likely this happened in the example checks (?),
if not, ignore the following last lines of example output:
======== End of example output (where/before crash/hang up occured ?) ========
Flavor: r-release-windows-ix86+x86_64
Version: 1.98-1.1
Check: for GNU extensions in Makefiles
Result: NOTE
GNU make is a SystemRequirements.
Flavor: r-oldrel-osx-x86_64