CRAN Package Check Results for Package RAMClustR

Last updated on 2020-04-25 01:53:14 CEST.

Flavor Version Tinstall Tcheck Ttotal Status Flags
r-devel-linux-x86_64-debian-clang 1.0.9 11.36 69.40 80.76 NOTE
r-devel-linux-x86_64-debian-gcc 1.0.9 9.70 64.12 73.82 OK
r-devel-linux-x86_64-fedora-clang 1.0.9 97.94 NOTE
r-devel-linux-x86_64-fedora-gcc 1.0.9 119.24 NOTE
r-devel-windows-ix86+x86_64 1.0.9 29.00 135.00 164.00 OK
r-patched-linux-x86_64 1.0.9 10.99 82.17 93.16 OK
r-patched-osx-x86_64 1.0.9 ERROR
r-release-linux-x86_64 1.0.9 11.00 69.75 80.75 OK
r-release-windows-ix86+x86_64 1.0.9 29.00 89.00 118.00 OK
r-release-osx-x86_64 1.0.9 NOTE
r-oldrel-windows-ix86+x86_64 1.0.9 11.00 80.00 91.00 OK
r-oldrel-osx-x86_64 1.0.9 NOTE

Check Details

Version: 1.0.9
Check: package dependencies
Result: NOTE
    Package suggested but not available for checking: 'xcms'
Flavors: r-devel-linux-x86_64-debian-clang, r-devel-linux-x86_64-fedora-clang, r-oldrel-osx-x86_64

Version: 1.0.9
Check: dependencies in R code
Result: NOTE
    Namespaces in Imports field not imported from:
     ‘BiocManager’ ‘stringi’
     All declared Imports should be used.
Flavors: r-devel-linux-x86_64-fedora-clang, r-devel-linux-x86_64-fedora-gcc, r-release-osx-x86_64, r-oldrel-osx-x86_64

Version: 1.0.9
Check: package dependencies
Result: ERROR
    Package required but not available: ‘InterpretMSSpectrum’
    
    Package suggested but not available for checking: ‘xcms’
    
    See section ‘The DESCRIPTION file’ in the ‘Writing R Extensions’
    manual.
Flavor: r-patched-osx-x86_64