Last updated on 2020-04-25 01:53:14 CEST.
Flavor | Version | Tinstall | Tcheck | Ttotal | Status | Flags |
---|---|---|---|---|---|---|
r-devel-linux-x86_64-debian-clang | 1.2.1.7 | 23.40 | 182.53 | 205.93 | OK | |
r-devel-linux-x86_64-debian-gcc | 1.2.1.7 | 19.18 | 139.07 | 158.25 | OK | |
r-devel-linux-x86_64-fedora-clang | 1.2.1.7 | 247.36 | OK | |||
r-devel-linux-x86_64-fedora-gcc | 1.2.1.7 | 244.59 | OK | |||
r-devel-windows-ix86+x86_64 | 1.2.1.7 | 57.00 | 279.00 | 336.00 | OK | |
r-patched-linux-x86_64 | 1.2.1.7 | 23.14 | 177.60 | 200.74 | OK | |
r-patched-osx-x86_64 | 1.2.1.7 | NOTE | ||||
r-patched-solaris-x86 | 1.2.1.7 | 357.70 | OK | |||
r-release-linux-x86_64 | 1.2.1.7 | 18.16 | 165.79 | 183.95 | OK | |
r-release-windows-ix86+x86_64 | 1.2.1.7 | 50.00 | 190.00 | 240.00 | OK | |
r-release-osx-x86_64 | 1.2.1.7 | NOTE | ||||
r-oldrel-windows-ix86+x86_64 | 1.2.1.7 | 24.00 | 193.00 | 217.00 | OK | |
r-oldrel-osx-x86_64 | 1.2.1.7 | NOTE |
Version: 1.2.1.7
Check: package dependencies
Result: NOTE
Package suggested but not available for checking: ‘Heatplus’
Flavors: r-patched-osx-x86_64, r-release-osx-x86_64, r-oldrel-osx-x86_64
Version: 1.2.1.7
Check: Rd cross-references
Result: NOTE
Package unavailable to check Rd xrefs: ‘Heatplus’
Flavors: r-patched-osx-x86_64, r-release-osx-x86_64, r-oldrel-osx-x86_64