Last updated on 2020-04-25 01:53:14 CEST.
Flavor | Version | Tinstall | Tcheck | Ttotal | Status | Flags |
---|---|---|---|---|---|---|
r-devel-linux-x86_64-debian-clang | 2.1-21 | 5.22 | 41.61 | 46.83 | NOTE | |
r-devel-linux-x86_64-debian-gcc | 2.1-21 | 3.20 | 32.73 | 35.93 | NOTE | |
r-devel-linux-x86_64-fedora-clang | 2.1-21 | 58.78 | OK | |||
r-devel-linux-x86_64-fedora-gcc | 2.1-21 | 58.07 | OK | |||
r-devel-windows-ix86+x86_64 | 2.1-21 | 10.00 | 72.00 | 82.00 | OK | |
r-patched-linux-x86_64 | 2.1-21 | 4.01 | 41.41 | 45.42 | NOTE | |
r-patched-osx-x86_64 | 2.1-21 | NOTE | ||||
r-patched-solaris-x86 | 2.1-21 | 82.80 | NOTE | |||
r-release-linux-x86_64 | 2.1-21 | 3.67 | 38.80 | 42.47 | NOTE | |
r-release-windows-ix86+x86_64 | 2.1-21 | 11.00 | 53.00 | 64.00 | OK | |
r-release-osx-x86_64 | 2.1-21 | NOTE | ||||
r-oldrel-windows-ix86+x86_64 | 2.1-21 | 5.00 | 79.00 | 84.00 | OK | |
r-oldrel-osx-x86_64 | 2.1-21 | NOTE |
Version: 2.1-21
Check: R code for possible problems
Result: NOTE
Found the following calls to attach():
File 'R2WinBUGS/R/attach.all.R':
attach(x, name = name)
See section 'Good practice' in '?attach'.
Flavors: r-devel-linux-x86_64-debian-clang, r-devel-linux-x86_64-debian-gcc, r-patched-linux-x86_64, r-release-linux-x86_64
Version: 2.1-21
Check: package dependencies
Result: NOTE
Package suggested but not available for checking: ‘BRugs’
Flavors: r-patched-osx-x86_64, r-patched-solaris-x86, r-release-osx-x86_64, r-oldrel-osx-x86_64
Version: 2.1-21
Check: Rd cross-references
Result: NOTE
Package unavailable to check Rd xrefs: ‘BRugs’
Flavors: r-patched-osx-x86_64, r-patched-solaris-x86, r-release-osx-x86_64, r-oldrel-osx-x86_64