CRAN Package Check Results for Package R2OpenBUGS

Last updated on 2020-04-25 01:53:14 CEST.

Flavor Version Tinstall Tcheck Ttotal Status Flags
r-devel-linux-x86_64-debian-clang 3.2-3.2.1 4.26 39.91 44.17 NOTE
r-devel-linux-x86_64-debian-gcc 3.2-3.2.1 4.13 31.09 35.22 NOTE
r-devel-linux-x86_64-fedora-clang 3.2-3.2.1 55.68 OK
r-devel-linux-x86_64-fedora-gcc 3.2-3.2.1 55.43 OK
r-devel-windows-ix86+x86_64 3.2-3.2.1 16.00 67.00 83.00 OK
r-patched-linux-x86_64 3.2-3.2.1 4.46 39.19 43.65 NOTE
r-patched-osx-x86_64 3.2-3.2.1 OK
r-patched-solaris-x86 3.2-3.2.1 76.20 OK --no-tests
r-release-linux-x86_64 3.2-3.2.1 3.56 37.10 40.66 NOTE
r-release-windows-ix86+x86_64 3.2-3.2.1 11.00 50.00 61.00 OK
r-release-osx-x86_64 3.2-3.2.1 OK
r-oldrel-windows-ix86+x86_64 3.2-3.2.1 7.00 84.00 91.00 OK
r-oldrel-osx-x86_64 3.2-3.2 OK

Check Details

Version: 3.2-3.2.1
Check: R code for possible problems
Result: NOTE
    Found the following calls to attach():
    File 'R2OpenBUGS/R/attach.all.R':
     attach(x, name = name)
    See section 'Good practice' in '?attach'.
Flavors: r-devel-linux-x86_64-debian-clang, r-devel-linux-x86_64-debian-gcc, r-patched-linux-x86_64, r-release-linux-x86_64