CRAN Package Check Results for Package R2HTML

Last updated on 2020-04-25 01:53:14 CEST.

Flavor Version Tinstall Tcheck Ttotal Status Flags
r-devel-linux-x86_64-debian-clang 2.3.2 8.47 41.40 49.87 NOTE
r-devel-linux-x86_64-debian-gcc 2.3.2 6.10 32.47 38.57 NOTE
r-devel-linux-x86_64-fedora-clang 2.3.2 59.24 NOTE
r-devel-linux-x86_64-fedora-gcc 2.3.2 58.30 NOTE
r-devel-windows-ix86+x86_64 2.3.2 22.00 64.00 86.00 OK
r-patched-linux-x86_64 2.3.2 6.47 40.77 47.24 NOTE
r-patched-osx-x86_64 2.3.2 OK
r-patched-solaris-x86 2.3.2 80.20 NOTE
r-release-linux-x86_64 2.3.2 6.60 37.64 44.24 OK
r-release-windows-ix86+x86_64 2.3.2 14.00 46.00 60.00 OK
r-release-osx-x86_64 2.3.2 OK
r-oldrel-windows-ix86+x86_64 2.3.2 9.00 60.00 69.00 OK
r-oldrel-osx-x86_64 2.3.2 OK

Check Details

Version: 2.3.2
Check: for non-standard things in the check directory
Result: NOTE
    Found the following files/directories:
     'output.html'
Flavors: r-devel-linux-x86_64-debian-clang, r-devel-linux-x86_64-debian-gcc, r-devel-linux-x86_64-fedora-clang, r-devel-linux-x86_64-fedora-gcc, r-patched-linux-x86_64, r-patched-solaris-x86